Last updated on 2018-05-14 01:46:43 CEST.
Flavor | Version | Tinstall | Tcheck | Ttotal | Status | Flags |
---|---|---|---|---|---|---|
r-devel-linux-x86_64-debian-clang | 1.1-17 | 2.67 | 127.70 | 130.37 | OK | |
r-devel-linux-x86_64-debian-gcc | 1.1-17 | 1.85 | 109.98 | 111.83 | OK | |
r-devel-linux-x86_64-fedora-clang | 1.1-17 | 187.44 | OK | |||
r-devel-linux-x86_64-fedora-gcc | 1.1-17 | 186.62 | OK | |||
r-devel-windows-ix86+x86_64 | 1.1-17 | 7.00 | 328.00 | 335.00 | OK | |
r-patched-linux-x86_64 | 1.1-17 | 2.34 | 136.00 | 138.34 | OK | |
r-patched-solaris-x86 | 1.1-17 | 251.70 | OK | |||
r-release-linux-x86_64 | 1.1-17 | 2.44 | 136.80 | 139.24 | OK | |
r-release-windows-ix86+x86_64 | 1.1-17 | 7.00 | 328.00 | 335.00 | OK | |
r-release-osx-x86_64 | 1.1-17 | OK | ||||
r-oldrel-windows-ix86+x86_64 | 1.1-17 | 10.00 | 281.00 | 291.00 | OK | |
r-oldrel-osx-x86_64 | 1.1-17 | NOTE |
Version: 1.1-17
Check: re-building of vignette outputs
Result: NOTE
Error in re-building vignettes:
...
Loading required package: TH.data
Loading required package: MASS
Attaching package: 'TH.data'
The following object is masked from 'package:MASS':
geyser
Error in texi2dvi(file = file, pdf = TRUE, clean = clean, quiet = quiet, :
Running 'texi2dvi' on 'Ch_analysing_longitudinal_dataI.tex' failed.
LaTeX errors:
! LaTeX Error: File `relsize.sty' not found.
Type X to quit or <RETURN> to proceed,
or enter new name. (Default extension: sty)
! Emergency stop.
<read *>
l.29 ^^M
! ==> Fatal error occurred, no output PDF file produced!
Calls: buildVignettes -> texi2pdf -> texi2dvi
Execution halted
Flavor: r-oldrel-osx-x86_64