CRAN Package Check Results for Package HURDAT

Last updated on 2018-05-14 01:46:43 CEST.

Flavor Version Tinstall Tcheck Ttotal Status Flags
r-devel-linux-x86_64-debian-clang 0.1.0 2.26 21.71 23.97 ERROR
r-devel-linux-x86_64-debian-gcc 0.1.0 1.86 19.04 20.90 ERROR
r-devel-linux-x86_64-fedora-clang 0.1.0 31.17 ERROR
r-devel-linux-x86_64-fedora-gcc 0.1.0 29.17 ERROR
r-devel-windows-ix86+x86_64 0.1.0 7.00 71.00 78.00 ERROR
r-patched-linux-x86_64 0.1.0 1.50 22.08 23.58 ERROR
r-patched-solaris-x86 0.1.0 47.30 ERROR
r-release-linux-x86_64 0.1.0 2.26 22.09 24.35 ERROR
r-release-windows-ix86+x86_64 0.1.0 7.00 71.00 78.00 ERROR
r-release-osx-x86_64 0.1.0 OK
r-oldrel-windows-ix86+x86_64 0.1.0 4.00 58.00 62.00 ERROR
r-oldrel-osx-x86_64 0.1.0 OK

Check Details

Version: 0.1.0
Check: tests
Result: ERROR
     Running ‘testthat.R’ [1s/2s]
    Running the tests in ‘tests/testthat.R’ failed.
    Complete output:
     > library(testthat)
     > library(HURDAT)
     >
     > test_check("HURDAT")
     ── 1. Error: (unknown) (@test-hurdat.R#4) ─────────────────────────────────────
     HTTP error 404.
     1: get_hurdat(basin = "AL") at testthat/test-hurdat.R:4
     2: purrr::map_df(.x = basin, .f = parse_hurdat)
     3: map(.x, .f, ...)
     4: .f(.x[[i]], ...)
     5: readr::read_lines(file = url)
     6: datasource(file, skip = skip)
     7: datasource_connection(file, skip, comment)
     8: datasource_raw(read_connection(path), skip, comment = comment)
     9: new_datasource("raw", text, skip = skip, comment = comment)
     10: structure(list(x, skip = skip, comment = comment, ...), class = c(paste0("source_",
     type), "source"))
     11: read_connection(path)
     12: open(con, "rb")
     13: open.connection(con, "rb")
    
     ══ testthat results ═══════════════════════════════════════════════════════════
     OK: 0 SKIPPED: 0 FAILED: 1
     1. Error: (unknown) (@test-hurdat.R#4)
    
     Error: testthat unit tests failed
     Execution halted
Flavors: r-devel-linux-x86_64-debian-clang, r-devel-linux-x86_64-debian-gcc, r-patched-linux-x86_64, r-release-linux-x86_64

Version: 0.1.0
Check: tests
Result: ERROR
     Running ‘testthat.R’
    Running the tests in ‘tests/testthat.R’ failed.
    Complete output:
     > library(testthat)
     > library(HURDAT)
     >
     > test_check("HURDAT")
     ── 1. Error: (unknown) (@test-hurdat.R#4) ─────────────────────────────────────
     HTTP error 404.
     1: get_hurdat(basin = "AL") at testthat/test-hurdat.R:4
     2: purrr::map_df(.x = basin, .f = parse_hurdat)
     3: map(.x, .f, ...)
     4: .f(.x[[i]], ...)
     5: readr::read_lines(file = url)
     6: datasource(file, skip = skip)
     7: datasource_connection(file, skip, comment)
     8: datasource_raw(read_connection(path), skip, comment = comment)
     9: new_datasource("raw", text, skip = skip, comment = comment)
     10: structure(list(x, skip = skip, comment = comment, ...), class = c(paste0("source_",
     type), "source"))
     11: read_connection(path)
     12: open(con, "rb")
     13: open.connection(con, "rb")
    
     ══ testthat results ═══════════════════════════════════════════════════════════
     OK: 0 SKIPPED: 0 FAILED: 1
     1. Error: (unknown) (@test-hurdat.R#4)
    
     Error: testthat unit tests failed
     Execution halted
Flavors: r-devel-linux-x86_64-fedora-clang, r-devel-linux-x86_64-fedora-gcc

Version: 0.1.0
Check: tests
Result: ERROR
     Running 'testthat.R' [2s]
    Running the tests in 'tests/testthat.R' failed.
    Complete output:
     > library(testthat)
     > library(HURDAT)
     >
     > test_check("HURDAT")
     -- 1. Error: (unknown) (@test-hurdat.R#4) -------------------------------------
     HTTP error 404.
     1: get_hurdat(basin = "AL") at testthat/test-hurdat.R:4
     2: purrr::map_df(.x = basin, .f = parse_hurdat)
     3: map(.x, .f, ...)
     4: .f(.x[[i]], ...)
     5: readr::read_lines(file = url)
     6: datasource(file, skip = skip)
     7: datasource_connection(file, skip, comment)
     8: datasource_raw(read_connection(path), skip, comment = comment)
     9: new_datasource("raw", text, skip = skip, comment = comment)
     10: structure(list(x, skip = skip, comment = comment, ...), class = c(paste0("source_",
     type), "source"))
     11: read_connection(path)
     12: open(con, "rb")
     13: open.connection(con, "rb")
    
     == testthat results ===========================================================
     OK: 0 SKIPPED: 0 FAILED: 1
     1. Error: (unknown) (@test-hurdat.R#4)
    
     Error: testthat unit tests failed
     Execution halted
Flavors: r-devel-windows-ix86+x86_64, r-release-windows-ix86+x86_64

Version: 0.1.0
Check: tests
Result: ERROR
     Running ‘testthat.R’ [2s/11s]
    Running the tests in ‘tests/testthat.R’ failed.
    Complete output:
     > library(testthat)
     > library(HURDAT)
     >
     > test_check("HURDAT")
     ── 1. Error: (unknown) (@test-hurdat.R#4) ─────────────────────────────────────
     HTTP error 404.
     1: get_hurdat(basin = "AL") at testthat/test-hurdat.R:4
     2: purrr::map_df(.x = basin, .f = parse_hurdat)
     3: map(.x, .f, ...)
     4: .f(.x[[i]], ...)
     5: readr::read_lines(file = url)
     6: datasource(file, skip = skip)
     7: datasource_connection(file, skip, comment)
     8: datasource_raw(read_connection(path), skip, comment = comment)
     9: new_datasource("raw", text, skip = skip, comment = comment)
     10: structure(list(x, skip = skip, comment = comment, ...), class = c(paste0("source_",
     type), "source"))
     11: read_connection(path)
     12: open(con, "rb")
     13: open.connection(con, "rb")
    
     ══ testthat results ═══════════════════════════════════════════════════════════
     OK: 0 SKIPPED: 0 FAILED: 1
     1. Error: (unknown) (@test-hurdat.R#4)
    
     Error: testthat unit tests failed
     Execution halted
Flavor: r-patched-solaris-x86

Version: 0.1.0
Check: tests
Result: ERROR
     Running 'testthat.R' [4s]
    Running the tests in 'tests/testthat.R' failed.
    Complete output:
     > library(testthat)
     > library(HURDAT)
     >
     > test_check("HURDAT")
     -- 1. Error: (unknown) (@test-hurdat.R#4) -------------------------------------
     HTTP error 404.
     1: get_hurdat(basin = "AL") at testthat/test-hurdat.R:4
     2: purrr::map_df(.x = basin, .f = parse_hurdat)
     3: map(.x, .f, ...)
     4: .f(.x[[i]], ...)
     5: readr::read_lines(file = url)
     6: datasource(file, skip = skip)
     7: datasource_connection(file, skip, comment)
     8: datasource_raw(read_connection(path), skip, comment = comment)
     9: new_datasource("raw", text, skip = skip, comment = comment)
     10: structure(list(x, skip = skip, comment = comment, ...), class = c(paste0("source_",
     type), "source"))
     11: read_connection(path)
     12: open(con, "rb")
     13: open.connection(con, "rb")
    
     == testthat results ===========================================================
     OK: 0 SKIPPED: 0 FAILED: 1
     1. Error: (unknown) (@test-hurdat.R#4)
    
     Error: testthat unit tests failed
     In addition: Warning message:
     closing unused connection 3 (http://www.nhc.noaa.gov/data/hurdat/hurdat2-1851-2016-041117.txt)
     Execution halted
Flavor: r-oldrel-windows-ix86+x86_64