Last updated on 2018-05-14 01:46:43 CEST.
Flavor | Version | Tinstall | Tcheck | Ttotal | Status | Flags |
---|---|---|---|---|---|---|
r-devel-linux-x86_64-debian-clang | 1.0.1 | 53.32 | 64.18 | 117.50 | ERROR | |
r-devel-linux-x86_64-debian-gcc | 1.0.1 | 44.07 | 58.69 | 102.76 | OK | |
r-devel-linux-x86_64-fedora-clang | 1.0.1 | 166.72 | NOTE | |||
r-devel-linux-x86_64-fedora-gcc | 1.0.1 | 160.66 | NOTE | |||
r-devel-windows-ix86+x86_64 | 1.0.1 | 136.00 | 150.00 | 286.00 | OK | |
r-patched-linux-x86_64 | 1.0.1 | 49.43 | 72.11 | 121.54 | OK | |
r-patched-solaris-x86 | 1.0.1 | 185.50 | OK | |||
r-release-linux-x86_64 | 1.0.1 | 51.39 | 71.56 | 122.95 | OK | |
r-release-windows-ix86+x86_64 | 1.0.1 | 136.00 | 150.00 | 286.00 | OK | |
r-release-osx-x86_64 | 1.0.1 | NOTE | ||||
r-oldrel-windows-ix86+x86_64 | 1.0.1 | 84.00 | 115.00 | 199.00 | OK | |
r-oldrel-osx-x86_64 | 1.0.1 | NOTE |
Version: 1.0.1
Check: examples
Result: ERROR
Running examples in ‘HistDAWass-Ex.R’ failed
The error most likely occurred in:
> base::assign(".ptime", proc.time(), pos = "CheckExEnv")
> ### Name: WH_adaptive.kmeans
> ### Title: K-means of a dataset of histogram-valued data using adaptive
> ### Wasserstein distances
> ### Aliases: WH_adaptive.kmeans
>
> ### ** Examples
>
> results=WH_adaptive.kmeans(x = BLOOD,k = 2, rep = 10,simplify = TRUE,qua = 10,standardize = TRUE)
isNANError in if (abs(GenCrit - OldCrit) < treshold) { :
missing value where TRUE/FALSE needed
Calls: WH_adaptive.kmeans
Execution halted
Flavor: r-devel-linux-x86_64-debian-clang
Version: 1.0.1
Check: installed package size
Result: NOTE
installed size is 5.9Mb
sub-directories of 1Mb or more:
data 1.0Mb
libs 4.1Mb
Flavors: r-devel-linux-x86_64-fedora-clang, r-devel-linux-x86_64-fedora-gcc, r-release-osx-x86_64, r-oldrel-osx-x86_64