CRAN Package Check Results for Package ICAOD

Last updated on 2018-05-14 01:46:44 CEST.

Flavor Version Tinstall Tcheck Ttotal Status Flags
r-devel-linux-x86_64-debian-clang 0.9.6 92.55 82.92 175.47 OK
r-devel-linux-x86_64-debian-gcc 0.9.6 78.89 67.53 146.42 OK
r-devel-linux-x86_64-fedora-clang 0.9.6 248.84 NOTE
r-devel-linux-x86_64-fedora-gcc 0.9.6 219.51 NOTE
r-devel-windows-ix86+x86_64 0.9.6 184.00 192.00 376.00 OK
r-patched-linux-x86_64 0.9.6 96.43 88.24 184.67 OK
r-patched-solaris-x86 0.9.6 217.20 OK
r-release-linux-x86_64 0.9.6 97.41 87.77 185.18 OK
r-release-windows-ix86+x86_64 0.9.6 184.00 192.00 376.00 OK
r-release-osx-x86_64 0.9.6 NOTE
r-oldrel-windows-ix86+x86_64 0.9.6 206.00 149.00 355.00 OK
r-oldrel-osx-x86_64 0.9.6 OK

Check Details

Version: 0.9.6
Check: installed package size
Result: NOTE
     installed size is 6.4Mb
     sub-directories of 1Mb or more:
     libs 5.8Mb
Flavors: r-devel-linux-x86_64-fedora-clang, r-devel-linux-x86_64-fedora-gcc, r-release-osx-x86_64