CRAN Package Check Results for Package IGP

Last updated on 2018-05-14 01:46:44 CEST.

Flavor Version Tinstall Tcheck Ttotal Status Flags
r-devel-linux-x86_64-debian-clang 0.1.0 5.82 34.38 40.20 OK
r-devel-linux-x86_64-debian-gcc 0.1.0 5.47 29.56 35.03 OK
r-devel-linux-x86_64-fedora-clang 0.1.0 55.11 OK
r-devel-linux-x86_64-fedora-gcc 0.1.0 51.80 OK
r-devel-windows-ix86+x86_64 0.1.0 7.00 59.00 66.00 OK
r-patched-linux-x86_64 0.1.0 6.40 37.34 43.74 OK
r-patched-solaris-x86 0.1.0 3.10 ERROR
r-release-linux-x86_64 0.1.0 7.68 36.41 44.09 OK
r-release-windows-ix86+x86_64 0.1.0 7.00 59.00 66.00 OK
r-release-osx-x86_64 0.1.0 OK
r-oldrel-windows-ix86+x86_64 0.1.0 4.00 48.00 52.00 OK
r-oldrel-osx-x86_64 0.1.0 OK

Check Details

Version: 0.1.0
Check: package dependencies
Result: ERROR
    Package required but not available: ‘PythonInR’
    
    See section ‘The DESCRIPTION file’ in the ‘Writing R Extensions’
    manual.
Flavor: r-patched-solaris-x86