CRAN Package Check Results for Package ISOcodes

Last updated on 2018-05-14 01:46:44 CEST.

Flavor Version Tinstall Tcheck Ttotal Status Flags
r-devel-linux-x86_64-debian-clang 2017.09.27 0.87 10.30 11.17 OK
r-devel-linux-x86_64-debian-gcc 2017.09.27 0.95 9.07 10.02 OK
r-devel-linux-x86_64-fedora-clang 2017.09.27 15.79 NOTE
r-devel-linux-x86_64-fedora-gcc 2017.09.27 15.21 NOTE
r-devel-windows-ix86+x86_64 2017.09.27 4.00 21.00 25.00 OK
r-patched-linux-x86_64 2017.09.27 0.78 10.62 11.40 OK
r-patched-solaris-x86 2017.09.27 25.90 NOTE
r-release-linux-x86_64 2017.09.27 0.88 10.64 11.52 OK
r-release-windows-ix86+x86_64 2017.09.27 4.00 21.00 25.00 OK
r-release-osx-x86_64 2017.09.27 NOTE
r-oldrel-windows-ix86+x86_64 2017.09.27 3.00 21.00 24.00 OK
r-oldrel-osx-x86_64 2017.09.27 NOTE

Check Details

Version: 2017.09.27
Check: data for non-ASCII characters
Result: NOTE
     Note: found 7152 marked UTF-8 strings
Flavors: r-devel-linux-x86_64-fedora-clang, r-devel-linux-x86_64-fedora-gcc, r-patched-solaris-x86, r-release-osx-x86_64, r-oldrel-osx-x86_64