CRAN Package Check Results for Package KarsTS

Last updated on 2018-05-14 01:46:45 CEST.

Flavor Version Tinstall Tcheck Ttotal Status Flags
r-devel-linux-x86_64-debian-clang 2.1 13.07 61.97 75.04 OK
r-devel-linux-x86_64-debian-gcc 2.1 12.25 57.48 69.73 OK
r-devel-linux-x86_64-fedora-clang 2.1 111.99 NOTE
r-devel-linux-x86_64-fedora-gcc 2.1 106.99 NOTE
r-devel-windows-ix86+x86_64 2.1 34.00 110.00 144.00 OK
r-patched-linux-x86_64 2.1 14.21 74.01 88.22 OK
r-patched-solaris-x86 2.1 135.80 NOTE
r-release-linux-x86_64 2.1 13.55 72.65 86.20 OK
r-release-windows-ix86+x86_64 2.1 34.00 110.00 144.00 OK
r-release-osx-x86_64 2.1 NOTE
r-oldrel-windows-ix86+x86_64 2.1 8.00 72.00 80.00 OK
r-oldrel-osx-x86_64 2.1 NOTE

Check Details

Version: 2.1
Check: dependencies in R code
Result: NOTE
    Namespace in Imports field not imported from: ‘stinepack’
     All declared Imports should be used.
Flavors: r-devel-linux-x86_64-fedora-clang, r-devel-linux-x86_64-fedora-gcc, r-patched-solaris-x86, r-release-osx-x86_64, r-oldrel-osx-x86_64