CRAN Package Check Results for Package LCAvarsel

Last updated on 2018-05-14 01:46:45 CEST.

Flavor Version Tinstall Tcheck Ttotal Status Flags
r-devel-linux-x86_64-debian-clang 1.1 2.66 26.60 29.26 OK
r-devel-linux-x86_64-debian-gcc 1.1 1.97 23.70 25.67 OK
r-devel-linux-x86_64-fedora-clang 1.1 39.69 NOTE
r-devel-linux-x86_64-fedora-gcc 1.1 38.89 NOTE
r-devel-windows-ix86+x86_64 1.1 5.00 75.00 80.00 OK
r-patched-linux-x86_64 1.1 2.41 28.85 31.26 OK
r-patched-solaris-x86 1.1 60.80 NOTE
r-release-linux-x86_64 1.1 2.62 28.98 31.60 OK
r-release-windows-ix86+x86_64 1.1 5.00 75.00 80.00 OK
r-release-osx-x86_64 1.1 NOTE
r-oldrel-windows-ix86+x86_64 1.1 5.00 58.00 63.00 OK
r-oldrel-osx-x86_64 1.1 NOTE

Check Details

Version: 1.1
Check: dependencies in R code
Result: NOTE
    Namespace in Imports field not imported from: ‘doParallel’
     All declared Imports should be used.
Flavors: r-devel-linux-x86_64-fedora-clang, r-devel-linux-x86_64-fedora-gcc, r-patched-solaris-x86, r-release-osx-x86_64, r-oldrel-osx-x86_64