CRAN Package Check Results for Package LDheatmap

Last updated on 2018-05-14 01:46:45 CEST.

Flavor Version Tinstall Tcheck Ttotal Status Flags
r-devel-linux-x86_64-debian-clang 0.99-4 1.55 53.22 54.77 OK
r-devel-linux-x86_64-debian-gcc 0.99-4 1.80 49.72 51.52 OK
r-devel-linux-x86_64-fedora-clang 0.99-4 80.64 OK
r-devel-linux-x86_64-fedora-gcc 0.99-4 78.06 OK
r-devel-windows-ix86+x86_64 0.99-4 4.00 101.00 105.00 OK
r-patched-linux-x86_64 0.99-4 1.80 56.39 58.19 OK
r-patched-solaris-x86 0.99-4 100.10 OK
r-release-linux-x86_64 0.99-4 1.78 56.36 58.14 OK
r-release-windows-ix86+x86_64 0.99-4 4.00 101.00 105.00 OK
r-release-osx-x86_64 0.99-4 ERROR
r-oldrel-windows-ix86+x86_64 0.99-4 6.00 76.00 82.00 OK
r-oldrel-osx-x86_64 0.99-4 ERROR

Check Details

Version: 0.99-4
Check: package dependencies
Result: NOTE
    Package suggested but not available for checking: ‘rtracklayer’
Flavor: r-release-osx-x86_64

Version: 0.99-4
Check: running R code from vignettes
Result: ERROR
    Errors in running code in vignettes:
    when running code in ‘addTracks.Rnw’
     ...
    + flip = TRUE)
    
    > ll <- LDheatmap(GIMAP5.CEU$snp.data, GIMAP5.CEU$snp.support$Position,
    + flip = TRUE)
    
    > grid.newpage()
    
     When sourcing ‘addTracks.R’:
    Error: could not find function "grid.newpage"
    Execution halted
Flavors: r-release-osx-x86_64, r-oldrel-osx-x86_64