CRAN Package Check Results for Package LEGIT

Last updated on 2018-05-14 01:46:45 CEST.

Flavor Version Tinstall Tcheck Ttotal Status Flags
r-devel-linux-x86_64-debian-clang 1.2.1 8.65 67.73 76.38 OK
r-devel-linux-x86_64-debian-gcc 1.2.1 6.81 60.05 66.86 OK
r-devel-linux-x86_64-fedora-clang 1.2.1 102.91 NOTE
r-devel-linux-x86_64-fedora-gcc 1.2.1 100.27 NOTE
r-devel-windows-ix86+x86_64 1.2.1 16.00 116.00 132.00 OK
r-patched-linux-x86_64 1.2.1 6.70 77.88 84.58 OK
r-patched-solaris-x86 1.2.1 130.30 NOTE
r-release-linux-x86_64 1.2.1 6.17 74.36 80.53 OK
r-release-windows-ix86+x86_64 1.2.1 16.00 116.00 132.00 OK
r-release-osx-x86_64 1.2.1 NOTE
r-oldrel-windows-ix86+x86_64 1.2.1 5.00 91.00 96.00 OK
r-oldrel-osx-x86_64 1.2.1 NOTE

Check Details

Version: 1.2.1
Check: dependencies in R code
Result: NOTE
    Namespace in Imports field not imported from: ‘gtools’
     All declared Imports should be used.
Flavors: r-devel-linux-x86_64-fedora-clang, r-devel-linux-x86_64-fedora-gcc, r-patched-solaris-x86, r-release-osx-x86_64, r-oldrel-osx-x86_64