CRAN Package Check Results for Package LambertW

Last updated on 2018-05-14 01:46:45 CEST.

Flavor Version Tinstall Tcheck Ttotal Status Flags
r-devel-linux-x86_64-debian-clang 0.6.4 51.81 117.68 169.49 WARN
r-devel-linux-x86_64-debian-gcc 0.6.4 40.99 99.54 140.53 NOTE
r-devel-linux-x86_64-fedora-clang 0.6.4 509.61 WARN
r-devel-linux-x86_64-fedora-gcc 0.6.4 534.75 NOTE
r-devel-windows-ix86+x86_64 0.6.4 104.00 257.00 361.00 OK
r-patched-linux-x86_64 0.6.4 54.58 123.62 178.20 NOTE
r-patched-solaris-x86 0.6.4 1108.00 OK
r-release-linux-x86_64 0.6.4 50.55 135.45 186.00 NOTE
r-release-windows-ix86+x86_64 0.6.4 104.00 257.00 361.00 OK
r-release-osx-x86_64 0.6.4 WARN
r-oldrel-windows-ix86+x86_64 0.6.4 116.00 178.00 294.00 OK
r-oldrel-osx-x86_64 0.6.4 OK

Check Details

Version: 0.6.4
Check: whether package can be installed
Result: WARN
    Found the following significant warnings:
     W_gamma_Cpp.cpp:14:39: warning: explicitly assigning value of variable of type 'int' to itself [-Wself-assign]
Flavors: r-devel-linux-x86_64-debian-clang, r-devel-linux-x86_64-fedora-clang, r-release-osx-x86_64

Version: 0.6.4
Check: compiled code
Result: NOTE
    File ‘LambertW/libs/LambertW.so’:
     Found no calls to: ‘R_registerRoutines’, ‘R_useDynamicSymbols’
    
    It is good practice to register native routines and to disable symbol
    search.
    
    See ‘Writing portable packages’ in the ‘Writing R Extensions’ manual.
Flavors: r-devel-linux-x86_64-debian-clang, r-devel-linux-x86_64-debian-gcc, r-devel-linux-x86_64-fedora-clang, r-devel-linux-x86_64-fedora-gcc, r-patched-linux-x86_64, r-release-linux-x86_64