Last updated on 2018-05-14 01:46:46 CEST.
Flavor | Version | Tinstall | Tcheck | Ttotal | Status | Flags |
---|---|---|---|---|---|---|
r-devel-linux-x86_64-debian-clang | 1.0 | 0.96 | 16.34 | 17.30 | NOTE | |
r-devel-linux-x86_64-debian-gcc | 1.0 | 0.64 | 14.38 | 15.02 | NOTE | |
r-devel-linux-x86_64-fedora-clang | 1.0 | 22.80 | NOTE | |||
r-devel-linux-x86_64-fedora-gcc | 1.0 | 21.84 | NOTE | |||
r-devel-windows-ix86+x86_64 | 1.0 | 3.00 | 30.00 | 33.00 | NOTE | |
r-patched-linux-x86_64 | 1.0 | 0.88 | 16.83 | 17.71 | NOTE | |
r-patched-solaris-x86 | 1.0 | 34.00 | NOTE | |||
r-release-linux-x86_64 | 1.0 | 0.72 | 16.92 | 17.64 | NOTE | |
r-release-windows-ix86+x86_64 | 1.0 | 3.00 | 30.00 | 33.00 | NOTE | |
r-release-osx-x86_64 | 1.0 | NOTE | ||||
r-oldrel-windows-ix86+x86_64 | 1.0 | 3.00 | 28.00 | 31.00 | NOTE | |
r-oldrel-osx-x86_64 | 1.0 | NOTE |
Version: 1.0
Check: R code for possible problems
Result: NOTE
class.calib: no visible global function definition for ‘lm’
class.calib: no visible global function definition for ‘coef’
class.calib: no visible global function definition for ‘qt’
hoad.calib: no visible global function definition for ‘lm’
hoad.calib: no visible global function definition for ‘anova’
hoad.calib: no visible global function definition for ‘qt’
hoad.calib: no visible global function definition for ‘rnorm’
huntlam.calib: no visible global function definition for ‘lm’
huntlam.calib: no visible global function definition for ‘anova’
huntlam.calib: no visible global function definition for ‘rnorm’
huntlam.calib: no visible global function definition for ‘qnorm’
inver.calib: no visible global function definition for ‘lm’
inver.calib: no visible global function definition for ‘coef’
inver.calib: no visible global function definition for ‘anova’
inver.calib: no visible global function definition for ‘qnorm’
Undefined global functions or variables:
anova coef lm qnorm qt rnorm
Consider adding
importFrom("stats", "anova", "coef", "lm", "qnorm", "qt", "rnorm")
to your NAMESPACE file.
Flavors: r-devel-linux-x86_64-debian-clang, r-devel-linux-x86_64-debian-gcc, r-devel-linux-x86_64-fedora-clang, r-devel-linux-x86_64-fedora-gcc, r-devel-windows-ix86+x86_64, r-patched-linux-x86_64, r-patched-solaris-x86, r-release-linux-x86_64, r-release-windows-ix86+x86_64, r-release-osx-x86_64, r-oldrel-windows-ix86+x86_64, r-oldrel-osx-x86_64