Last updated on 2018-05-14 01:46:46 CEST.
Flavor | Version | Tinstall | Tcheck | Ttotal | Status | Flags |
---|---|---|---|---|---|---|
r-devel-linux-x86_64-debian-clang | 0.1-1 | 2.04 | 118.47 | 120.51 | NOTE | |
r-devel-linux-x86_64-debian-gcc | 0.1-1 | 1.60 | 91.16 | 92.76 | NOTE | |
r-devel-linux-x86_64-fedora-clang | 0.1-1 | 158.69 | NOTE | |||
r-devel-linux-x86_64-fedora-gcc | 0.1-1 | 160.60 | NOTE | |||
r-devel-windows-ix86+x86_64 | 0.1-1 | 12.00 | 306.00 | 318.00 | NOTE | |
r-patched-linux-x86_64 | 0.1-1 | 2.07 | 127.16 | 129.23 | NOTE | |
r-patched-solaris-x86 | 0.1-1 | 152.10 | NOTE | |||
r-release-linux-x86_64 | 0.1-1 | 2.07 | 125.93 | 128.00 | NOTE | |
r-release-windows-ix86+x86_64 | 0.1-1 | 12.00 | 306.00 | 318.00 | NOTE | |
r-release-osx-x86_64 | 0.1-1 | NOTE | ||||
r-oldrel-windows-ix86+x86_64 | 0.1-1 | 7.00 | 329.00 | 336.00 | NOTE | |
r-oldrel-osx-x86_64 | 0.1-1 | NOTE |
Version: 0.1-1
Check: DESCRIPTION meta-information
Result: NOTE
Malformed Description field: should contain one or more complete sentences.
Flavors: r-devel-linux-x86_64-debian-clang, r-devel-linux-x86_64-debian-gcc, r-devel-linux-x86_64-fedora-clang, r-devel-linux-x86_64-fedora-gcc, r-devel-windows-ix86+x86_64, r-patched-linux-x86_64, r-patched-solaris-x86, r-release-linux-x86_64, r-release-windows-ix86+x86_64, r-release-osx-x86_64, r-oldrel-windows-ix86+x86_64, r-oldrel-osx-x86_64
Version: 0.1-1
Check: R code for possible problems
Result: NOTE
LogitNet.weight: no visible global function definition for ‘lowess’
LogitNet.weight: no visible global function definition for ‘median’
Undefined global functions or variables:
lowess median
Consider adding
importFrom("stats", "lowess", "median")
to your NAMESPACE file.
Flavors: r-devel-linux-x86_64-debian-clang, r-devel-linux-x86_64-debian-gcc, r-devel-linux-x86_64-fedora-clang, r-devel-linux-x86_64-fedora-gcc, r-devel-windows-ix86+x86_64, r-patched-linux-x86_64, r-patched-solaris-x86, r-release-linux-x86_64, r-release-windows-ix86+x86_64, r-release-osx-x86_64, r-oldrel-windows-ix86+x86_64, r-oldrel-osx-x86_64
Version: 0.1-1
Check: compiled code
Result: NOTE
File ‘LogitNet/libs/LogitNet.so’:
Found no calls to: ‘R_registerRoutines’, ‘R_useDynamicSymbols’
It is good practice to register native routines and to disable symbol
search.
See ‘Writing portable packages’ in the ‘Writing R Extensions’ manual.
Flavors: r-devel-linux-x86_64-debian-clang, r-devel-linux-x86_64-debian-gcc, r-devel-linux-x86_64-fedora-clang, r-devel-linux-x86_64-fedora-gcc, r-patched-linux-x86_64, r-release-linux-x86_64