CRAN Package Check Results for Package LumReader

Last updated on 2018-05-14 01:46:46 CEST.

Flavor Version Tinstall Tcheck Ttotal Status Flags
r-devel-linux-x86_64-debian-clang 0.1.0 5.07 65.55 70.62 OK
r-devel-linux-x86_64-debian-gcc 0.1.0 5.86 57.38 63.24 OK
r-devel-linux-x86_64-fedora-clang 0.1.0 99.15 OK
r-devel-linux-x86_64-fedora-gcc 0.1.0 105.95 OK
r-devel-windows-ix86+x86_64 0.1.0 20.00 141.00 161.00 OK
r-patched-linux-x86_64 0.1.0 5.29 69.94 75.23 NOTE
r-patched-solaris-x86 0.1.0 128.40 OK
r-release-linux-x86_64 0.1.0 7.20 70.11 77.31 NOTE
r-release-windows-ix86+x86_64 0.1.0 20.00 141.00 161.00 OK
r-release-osx-x86_64 0.1.0 OK
r-oldrel-windows-ix86+x86_64 0.1.0 10.00 103.00 113.00 OK
r-oldrel-osx-x86_64 0.1.0 OK

Check Details

Version: 0.1.0
Check: DESCRIPTION meta-information
Result: NOTE
    Dependence on R version ‘3.3.2’ not with patchlevel 0
Flavors: r-patched-linux-x86_64, r-release-linux-x86_64