CRAN Package Check Results for Package MGSDA

Last updated on 2018-05-14 01:46:47 CEST.

Flavor Version Tinstall Tcheck Ttotal Status Flags
r-devel-linux-x86_64-debian-clang 1.4 1.92 18.18 20.10 NOTE
r-devel-linux-x86_64-debian-gcc 1.4 1.21 15.80 17.01 NOTE
r-devel-linux-x86_64-fedora-clang 1.4 25.90 NOTE
r-devel-linux-x86_64-fedora-gcc 1.4 24.14 NOTE
r-devel-windows-ix86+x86_64 1.4 5.00 50.00 55.00 OK
r-patched-linux-x86_64 1.4 1.73 18.82 20.55 NOTE
r-patched-solaris-x86 1.4 38.70 OK
r-release-linux-x86_64 1.4 1.47 18.68 20.15 NOTE
r-release-windows-ix86+x86_64 1.4 5.00 50.00 55.00 OK
r-release-osx-x86_64 1.4 OK
r-oldrel-windows-ix86+x86_64 1.4 9.00 34.00 43.00 OK
r-oldrel-osx-x86_64 1.4 OK

Check Details

Version: 1.4
Check: compiled code
Result: NOTE
    File ‘MGSDA/libs/MGSDA.so’:
     Found no calls to: ‘R_registerRoutines’, ‘R_useDynamicSymbols’
    
    It is good practice to register native routines and to disable symbol
    search.
    
    See ‘Writing portable packages’ in the ‘Writing R Extensions’ manual.
Flavors: r-devel-linux-x86_64-debian-clang, r-devel-linux-x86_64-debian-gcc, r-devel-linux-x86_64-fedora-clang, r-devel-linux-x86_64-fedora-gcc, r-patched-linux-x86_64, r-release-linux-x86_64