Last updated on 2018-05-14 01:46:48 CEST.
Flavor | Version | Tinstall | Tcheck | Ttotal | Status | Flags |
---|---|---|---|---|---|---|
r-devel-linux-x86_64-debian-clang | 1.0 | 5.32 | 48.92 | 54.24 | OK | |
r-devel-linux-x86_64-debian-gcc | 1.0 | 3.35 | 41.62 | 44.97 | OK | |
r-devel-linux-x86_64-fedora-clang | 1.0 | 71.68 | OK | |||
r-devel-linux-x86_64-fedora-gcc | 1.0 | 71.38 | OK | |||
r-devel-windows-ix86+x86_64 | 1.0 | 8.00 | 90.00 | 98.00 | OK | |
r-patched-linux-x86_64 | 1.0 | 3.79 | 51.36 | 55.15 | OK | |
r-patched-solaris-x86 | 1.0 | 95.10 | OK | |||
r-release-linux-x86_64 | 1.0 | 4.83 | 51.18 | 56.01 | OK | |
r-release-windows-ix86+x86_64 | 1.0 | 8.00 | 90.00 | 98.00 | OK | |
r-release-osx-x86_64 | 1.0 | OK | ||||
r-oldrel-windows-ix86+x86_64 | 1.0 | 8.00 | 91.00 | 99.00 | OK | |
r-oldrel-osx-x86_64 | 1.0 | NOTE |
Version: 1.0
Check: Rd cross-references
Result: NOTE
Package unavailable to check Rd xrefs: ‘genefilter’
Flavor: r-oldrel-osx-x86_64