CRAN Package Check Results for Package MOJOV

Last updated on 2018-05-14 01:46:48 CEST.

Flavor Version Tinstall Tcheck Ttotal Status Flags
r-devel-linux-x86_64-debian-clang 1.0.1 7.67 60.67 68.34 NOTE
r-devel-linux-x86_64-debian-gcc 1.0.1 5.09 54.00 59.09 NOTE
r-devel-linux-x86_64-fedora-clang 1.0.1 93.41 NOTE
r-devel-linux-x86_64-fedora-gcc 1.0.1 91.99 NOTE
r-devel-windows-ix86+x86_64 1.0.1 13.00 96.00 109.00 NOTE
r-patched-linux-x86_64 1.0.1 6.77 58.20 64.97 NOTE
r-patched-solaris-x86 1.0.1 123.60 NOTE
r-release-linux-x86_64 1.0.1 6.15 57.66 63.81 NOTE
r-release-windows-ix86+x86_64 1.0.1 13.00 96.00 109.00 NOTE
r-release-osx-x86_64 1.0.1 NOTE
r-oldrel-windows-ix86+x86_64 1.0.1 15.00 67.00 82.00 NOTE
r-oldrel-osx-x86_64 1.0.1 NOTE

Check Details

Version: 1.0.1
Check: dependencies in R code
Result: NOTE
    Package in Depends field not imported from: ‘methods’
     These packages need to be imported from (in the NAMESPACE file)
     for when this namespace is loaded but not attached.
Flavors: r-devel-linux-x86_64-debian-clang, r-devel-linux-x86_64-debian-gcc, r-devel-linux-x86_64-fedora-clang, r-devel-linux-x86_64-fedora-gcc, r-devel-windows-ix86+x86_64, r-patched-linux-x86_64, r-patched-solaris-x86, r-release-linux-x86_64, r-release-windows-ix86+x86_64, r-release-osx-x86_64, r-oldrel-windows-ix86+x86_64, r-oldrel-osx-x86_64

Version: 1.0.1
Check: R code for possible problems
Result: NOTE
    MOJOV.analysis: no visible global function definition for ‘lm’
    MOJOV.analysis: no visible global function definition for ‘read.csv’
    MOJOV.analysis: no visible global function definition for
     ‘txtProgressBar’
    MOJOV.analysis: no visible global function definition for
     ‘setTxtProgressBar’
    MOJOV.analysis: no visible global function definition for ‘write.csv’
    MOJOV.analysis: no visible global function definition for ‘new’
    MOJOV.export: no visible global function definition for ‘write.table’
    MOJOV.linearRegAnalysis: no visible global function definition for ‘lm’
    MOJOV.phenotype: no visible global function definition for
     ‘shapiro.test’
    MOJOV.phenotype: no visible global function definition for ‘glm’
    MOJOV.phenotype: no visible global function definition for ‘new’
    MOJOV.read: no visible global function definition for ‘read.csv’
    MOJOV.read: no visible global function definition for ‘new’
    MOJOV.regTermTest: no visible global function definition for ‘glm’
    MOJOV.saws: no visible global function definition for ‘model.matrix’
    MOJOV.saws: no visible global function definition for ‘glm’
    MOJOV.simulation: no visible global function definition for
     ‘txtProgressBar’
    MOJOV.simulation : <anonymous>: no visible global function definition
     for ‘rnorm’
    MOJOV.simulation: no visible global function definition for ‘rnorm’
    MOJOV.simulation: no visible global function definition for
     ‘setTxtProgressBar’
    MOJOV.simulation: no visible global function definition for ‘write.csv’
    MOJOV.summary: no visible global function definition for
     ‘txtProgressBar’
    MOJOV.summary: no visible global function definition for
     ‘setTxtProgressBar’
    MOJOV.summary: no visible global function definition for ‘new’
    MOJOV.wald.test: no visible global function definition for ‘glm’
    MOJOV.weight: no visible global function definition for ‘sd’
    Undefined global functions or variables:
     glm lm model.matrix new read.csv rnorm sd setTxtProgressBar
     shapiro.test txtProgressBar write.csv write.table
    Consider adding
     importFrom("methods", "new")
     importFrom("stats", "glm", "lm", "model.matrix", "rnorm", "sd",
     "shapiro.test")
     importFrom("utils", "read.csv", "setTxtProgressBar", "txtProgressBar",
     "write.csv", "write.table")
    to your NAMESPACE file (and ensure that your DESCRIPTION Imports field
    contains 'methods').
Flavors: r-devel-linux-x86_64-debian-clang, r-devel-linux-x86_64-debian-gcc, r-devel-linux-x86_64-fedora-clang, r-devel-linux-x86_64-fedora-gcc, r-devel-windows-ix86+x86_64, r-patched-linux-x86_64, r-patched-solaris-x86, r-release-linux-x86_64, r-release-windows-ix86+x86_64, r-release-osx-x86_64, r-oldrel-windows-ix86+x86_64, r-oldrel-osx-x86_64