CRAN Package Check Results for Package MSBVAR

Last updated on 2018-05-14 01:46:49 CEST.

Flavor Version Tinstall Tcheck Ttotal Status Flags
r-devel-linux-x86_64-debian-clang 0.9-3 33.43 49.62 83.05 NOTE
r-devel-linux-x86_64-debian-gcc 0.9-3 25.44 42.24 67.68 WARN
r-devel-linux-x86_64-fedora-clang 0.9-3 116.06 NOTE
r-devel-linux-x86_64-fedora-gcc 0.9-3 105.63 NOTE
r-devel-windows-ix86+x86_64 0.9-3 107.00 122.00 229.00 OK
r-patched-linux-x86_64 0.9-3 30.73 52.74 83.47 WARN
r-patched-solaris-x86 0.9-3 159.90 OK
r-release-linux-x86_64 0.9-3 31.50 53.60 85.10 WARN
r-release-windows-ix86+x86_64 0.9-3 107.00 122.00 229.00 OK
r-release-osx-x86_64 0.9-3 OK
r-oldrel-windows-ix86+x86_64 0.9-3 105.00 89.00 194.00 OK
r-oldrel-osx-x86_64 0.9-3 OK

Check Details

Version: 0.9-3
Check: compiled code
Result: NOTE
    File ‘MSBVAR/libs/MSBVAR.so’:
     Found no call to: ‘R_useDynamicSymbols’
    
    It is good practice to register native routines and to disable symbol
    search.
    
    See ‘Writing portable packages’ in the ‘Writing R Extensions’ manual.
Flavors: r-devel-linux-x86_64-debian-clang, r-devel-linux-x86_64-debian-gcc, r-devel-linux-x86_64-fedora-clang, r-devel-linux-x86_64-fedora-gcc, r-patched-linux-x86_64, r-release-linux-x86_64

Version: 0.9-3
Check: whether package can be installed
Result: WARN
    Found the following significant warnings:
     newmat5.cpp:525:69: warning: throw will always call terminate() [-Wterminate]
Flavors: r-devel-linux-x86_64-debian-gcc, r-patched-linux-x86_64, r-release-linux-x86_64