CRAN Package Check Results for Package MixfMRI

Last updated on 2018-05-14 01:46:48 CEST.

Flavor Version Tinstall Tcheck Ttotal Status Flags
r-devel-linux-x86_64-debian-clang 0.1-0 11.67 86.67 98.34 NOTE
r-devel-linux-x86_64-debian-gcc 0.1-0 8.22 72.08 80.30 NOTE
r-devel-linux-x86_64-fedora-clang 0.1-0 132.04 OK
r-devel-linux-x86_64-fedora-gcc 0.1-0 127.87 OK
r-devel-windows-ix86+x86_64 0.1-0 20.00 166.00 186.00 OK
r-patched-linux-x86_64 0.1-0 10.47 84.66 95.13 OK
r-patched-solaris-x86 0.1-0 165.50 OK
r-release-linux-x86_64 0.1-0 7.55 83.29 90.84 OK
r-release-windows-ix86+x86_64 0.1-0 20.00 166.00 186.00 OK
r-release-osx-x86_64 0.1-0 NOTE
r-oldrel-windows-ix86+x86_64 0.1-0 23.00 128.00 151.00 OK

Check Details

Version: 0.1-0
Check: package dependencies
Result: NOTE
    Package which this enhances but not available for checking: ‘pbdMPI’
Flavors: r-devel-linux-x86_64-debian-clang, r-devel-linux-x86_64-debian-gcc, r-release-osx-x86_64