Last updated on 2018-05-14 01:46:51 CEST.
Flavor | Version | Tinstall | Tcheck | Ttotal | Status | Flags |
---|---|---|---|---|---|---|
r-devel-linux-x86_64-debian-clang | 1.12.2 | 2.16 | 21.51 | 23.67 | NOTE | |
r-devel-linux-x86_64-debian-gcc | 1.12.2 | 1.94 | 18.24 | 20.18 | NOTE | |
r-devel-linux-x86_64-fedora-clang | 1.12.2 | 30.85 | NOTE | |||
r-devel-linux-x86_64-fedora-gcc | 1.12.2 | 29.46 | NOTE | |||
r-devel-windows-ix86+x86_64 | 1.12.2 | 8.00 | 60.00 | 68.00 | OK | |
r-patched-linux-x86_64 | 1.12.2 | 2.08 | 21.90 | 23.98 | NOTE | |
r-patched-solaris-x86 | 1.12.2 | 43.50 | OK | |||
r-release-linux-x86_64 | 1.12.2 | 2.35 | 22.10 | 24.45 | NOTE | |
r-release-windows-ix86+x86_64 | 1.12.2 | 8.00 | 60.00 | 68.00 | OK | |
r-release-osx-x86_64 | 1.12.2 | OK | ||||
r-oldrel-windows-ix86+x86_64 | 1.12.2 | 13.00 | 36.00 | 49.00 | OK | |
r-oldrel-osx-x86_64 | 1.12.2 | OK |
Version: 1.12.2
Check: compiled code
Result: NOTE
File ‘PBSddesolve/libs/PBSddesolve.so’:
Found no calls to: ‘R_registerRoutines’, ‘R_useDynamicSymbols’
It is good practice to register native routines and to disable symbol
search.
See ‘Writing portable packages’ in the ‘Writing R Extensions’ manual.
Flavors: r-devel-linux-x86_64-debian-clang, r-devel-linux-x86_64-debian-gcc, r-devel-linux-x86_64-fedora-clang, r-devel-linux-x86_64-fedora-gcc, r-patched-linux-x86_64, r-release-linux-x86_64