Last updated on 2018-05-14 01:46:52 CEST.
Flavor | Version | Tinstall | Tcheck | Ttotal | Status | Flags |
---|---|---|---|---|---|---|
r-devel-linux-x86_64-debian-clang | 0.1.6 | 1.65 | 63.99 | 65.64 | OK | |
r-devel-linux-x86_64-debian-gcc | 0.1.6 | 1.30 | 52.39 | 53.69 | OK | |
r-devel-linux-x86_64-fedora-clang | 0.1.6 | 89.79 | OK | |||
r-devel-linux-x86_64-fedora-gcc | 0.1.6 | 86.57 | OK | |||
r-devel-windows-ix86+x86_64 | 0.1.6 | 6.00 | 87.00 | 93.00 | OK | |
r-patched-linux-x86_64 | 0.1.6 | 1.25 | 67.72 | 68.97 | OK | |
r-patched-solaris-x86 | 0.1.6 | 84.80 | OK | |||
r-release-linux-x86_64 | 0.1.6 | 1.24 | 66.85 | 68.09 | OK | |
r-release-windows-ix86+x86_64 | 0.1.6 | 6.00 | 87.00 | 93.00 | OK | |
r-release-osx-x86_64 | 0.1.6 | OK | ||||
r-oldrel-windows-ix86+x86_64 | 0.1.6 | 4.00 | 66.00 | 70.00 | OK | |
r-oldrel-osx-x86_64 | 0.1.6 | WARN |
Version: 0.1.6
Check: re-building of vignette outputs
Result: WARN
Error in re-building vignettes:
...
Warning: running command 'kpsewhich framed.sty' had status 1
Warning in test_latex_pkg("framed", system.file("misc", "framed.sty", package = "knitr")) :
unable to find LaTeX package 'framed'; will use a copy from knitr
large z may result in inaccurate quantiles
Loading required package: polynom
Loading required package: reshape2
Error in texi2dvi(file = file, pdf = TRUE, clean = clean, quiet = quiet, :
Running 'texi2dvi' on 'PDQutils.tex' failed.
LaTeX errors:
! LaTeX Error: File `paralist.sty' not found.
Type X to quit or <RETURN> to proceed,
or enter new name. (Default extension: sty)
! Emergency stop.
<read *>
l.98 ^^M
! ==> Fatal error occurred, no output PDF file produced!
Calls: buildVignettes -> texi2pdf -> texi2dvi
Execution halted
Flavor: r-oldrel-osx-x86_64