CRAN Package Check Results for Package PerformanceAnalytics

Last updated on 2018-05-14 01:46:52 CEST.

Flavor Version Tinstall Tcheck Ttotal Status Flags
r-devel-linux-x86_64-debian-clang 1.5.2 17.96 232.50 250.46 NOTE
r-devel-linux-x86_64-debian-gcc 1.5.2 15.33 195.67 211.00 NOTE
r-devel-linux-x86_64-fedora-clang 1.5.2 340.86 NOTE
r-devel-linux-x86_64-fedora-gcc 1.5.2 333.08 NOTE
r-devel-windows-ix86+x86_64 1.5.2 35.00 397.00 432.00 OK --no-vignettes
r-patched-linux-x86_64 1.5.2 21.30 259.84 281.14 NOTE
r-patched-solaris-x86 1.5.2 488.40 NOTE
r-release-linux-x86_64 1.5.2 21.45 256.93 278.38 NOTE
r-release-windows-ix86+x86_64 1.5.2 35.00 397.00 432.00 OK --no-vignettes
r-release-osx-x86_64 1.5.2 OK
r-oldrel-windows-ix86+x86_64 1.5.2 29.00 296.00 325.00 OK --no-vignettes
r-oldrel-osx-x86_64 1.5.2 OK

Check Details

Version: 1.5.2
Check: S3 generic/method consistency
Result: NOTE
    Found the following apparent S3 methods exported but not registered:
     mean.LCL mean.UCL mean.geometric mean.stderr
    See section ‘Registering S3 methods’ in the ‘Writing R Extensions’
    manual.
Flavors: r-devel-linux-x86_64-debian-clang, r-devel-linux-x86_64-debian-gcc, r-devel-linux-x86_64-fedora-clang, r-devel-linux-x86_64-fedora-gcc, r-patched-linux-x86_64, r-patched-solaris-x86, r-release-linux-x86_64