Last updated on 2018-05-14 01:46:57 CEST.
Flavor | Version | Tinstall | Tcheck | Ttotal | Status | Flags |
---|---|---|---|---|---|---|
r-devel-linux-x86_64-debian-clang | 2.1.1 | 13.32 | 200.44 | 213.76 | OK | |
r-devel-linux-x86_64-debian-gcc | 2.1.1 | 12.32 | 187.26 | 199.58 | OK | |
r-devel-linux-x86_64-fedora-clang | 2.1.1 | 280.87 | OK | |||
r-devel-linux-x86_64-fedora-gcc | 2.1.1 | 272.98 | OK | |||
r-devel-windows-ix86+x86_64 | 2.1.1 | 32.00 | 454.00 | 486.00 | OK | |
r-patched-linux-x86_64 | 2.1.1 | 9.28 | 187.46 | 196.74 | OK | |
r-patched-solaris-x86 | 2.1.1 | 262.60 | NOTE | |||
r-release-linux-x86_64 | 2.1.1 | 12.90 | 193.37 | 206.27 | OK | |
r-release-windows-ix86+x86_64 | 2.1.1 | 32.00 | 454.00 | 486.00 | OK | |
r-release-osx-x86_64 | 2.1.1 | OK | ||||
r-oldrel-windows-ix86+x86_64 | 2.1.1 | 10.00 | 376.00 | 386.00 | OK | |
r-oldrel-osx-x86_64 | 2.0.8 | NOTE |
Version: 2.1.1
Check: package dependencies
Result: NOTE
Package suggested but not available for checking: ‘rdflib’
Flavor: r-patched-solaris-x86
Version: 2.0.8
Check: package dependencies
Result: NOTE
Packages suggested but not available for checking: ‘rrdf’ ‘Sxslt’
Flavor: r-oldrel-osx-x86_64