CRAN Package Check Results for Package ROI.plugin.msbinlp

Last updated on 2018-05-14 01:46:57 CEST.

Flavor Version Tinstall Tcheck Ttotal Status Flags
r-devel-linux-x86_64-debian-clang 0.3-0 1.51 22.55 24.06 OK
r-devel-linux-x86_64-debian-gcc 0.3-0 0.90 20.47 21.37 OK
r-devel-linux-x86_64-fedora-clang 0.3-0 32.53 OK
r-devel-linux-x86_64-fedora-gcc 0.3-0 31.20 OK
r-devel-windows-ix86+x86_64 0.3-0 5.00 49.00 54.00 OK
r-patched-linux-x86_64 0.3-0 1.34 24.75 26.09 OK
r-patched-solaris-x86 0.3-0 49.50 OK
r-release-linux-x86_64 0.3-0 1.26 24.62 25.88 OK
r-release-windows-ix86+x86_64 0.3-0 5.00 49.00 54.00 OK
r-release-osx-x86_64 0.3-0 NOTE
r-oldrel-windows-ix86+x86_64 0.3-0 5.00 38.00 43.00 OK
r-oldrel-osx-x86_64 0.3-0 NOTE

Check Details

Version: 0.3-0
Check: package dependencies
Result: NOTE
    Package suggested but not available for checking: ‘ROI.plugin.glpk’
Flavors: r-release-osx-x86_64, r-oldrel-osx-x86_64