CRAN Package Check Results for Package ROI.plugin.symphony

Last updated on 2018-05-14 01:46:57 CEST.

Flavor Version Tinstall Tcheck Ttotal Status Flags
r-devel-linux-x86_64-debian-clang 0.2-5 1.13 23.42 24.55 OK
r-devel-linux-x86_64-debian-gcc 0.2-5 1.59 23.04 24.63 OK
r-devel-linux-x86_64-fedora-clang 0.2-5 32.49 OK
r-devel-linux-x86_64-fedora-gcc 0.2-5 30.98 OK
r-devel-windows-ix86+x86_64 0.2-5 4.00 50.00 54.00 OK
r-patched-linux-x86_64 0.2-5 1.44 24.63 26.07 OK
r-release-linux-x86_64 0.2-5 1.18 24.45 25.63 OK
r-release-windows-ix86+x86_64 0.2-5 4.00 50.00 54.00 OK
r-release-osx-x86_64 0.2-5 ERROR
r-oldrel-windows-ix86+x86_64 0.2-5 6.00 38.00 44.00 OK
r-oldrel-osx-x86_64 0.2-5 ERROR

Check Details

Version: 0.2-5
Check: package dependencies
Result: ERROR
    Package required but not available: ‘Rsymphony’
    
    See section ‘The DESCRIPTION file’ in the ‘Writing R Extensions’
    manual.
Flavors: r-release-osx-x86_64, r-oldrel-osx-x86_64