Last updated on 2018-05-14 01:46:57 CEST.
Flavor | Version | Tinstall | Tcheck | Ttotal | Status | Flags |
---|---|---|---|---|---|---|
r-devel-linux-x86_64-debian-clang | 1.1.1 | 117.32 | 31.68 | 149.00 | OK | |
r-devel-linux-x86_64-debian-gcc | 1.1.1 | 89.12 | 28.70 | 117.82 | OK | |
r-devel-linux-x86_64-fedora-clang | 1.1.1 | 217.47 | OK | |||
r-devel-linux-x86_64-fedora-gcc | 1.1.1 | 183.97 | OK | |||
r-devel-windows-ix86+x86_64 | 1.1.1 | 628.00 | 133.00 | 761.00 | NOTE | |
r-patched-linux-x86_64 | 1.1.1 | 120.17 | 32.49 | 152.66 | OK | |
r-patched-solaris-x86 | 1.1.1 | 3.70 | ERROR | |||
r-release-linux-x86_64 | 1.1.1 | 119.12 | 32.49 | 151.61 | OK | |
r-release-windows-ix86+x86_64 | 1.1.1 | 628.00 | 133.00 | 761.00 | NOTE | |
r-release-osx-x86_64 | 1.1.1 | OK | ||||
r-oldrel-windows-ix86+x86_64 | 1.1.1 | 698.00 | 96.00 | 794.00 | NOTE | |
r-oldrel-osx-x86_64 | 1.1.0 | NOTE |
Version: 1.1.1
Check: installed package size
Result: NOTE
installed size is 6.1Mb
sub-directories of 1Mb or more:
libs 5.8Mb
Flavors: r-devel-windows-ix86+x86_64, r-release-windows-ix86+x86_64, r-oldrel-windows-ix86+x86_64
Version: 1.1.1
Check: whether package can be installed
Result: ERROR
Installation failed.
Flavor: r-patched-solaris-x86
Version: 1.1.0
Check: dependencies in R code
Result: NOTE
Namespace in Imports field not imported from: ‘withr’
All declared Imports should be used.
Flavor: r-oldrel-osx-x86_64