Last updated on 2018-05-14 01:46:58 CEST.
Flavor | Version | Tinstall | Tcheck | Ttotal | Status | Flags |
---|---|---|---|---|---|---|
r-devel-linux-x86_64-debian-clang | 0.6.1 | 66.85 | 159.85 | 226.70 | WARN | |
r-devel-linux-x86_64-debian-gcc | 0.6.1 | 57.70 | 144.50 | 202.20 | NOTE | |
r-devel-linux-x86_64-fedora-clang | 0.6.1 | 325.65 | NOTE | |||
r-devel-linux-x86_64-fedora-gcc | 0.6.1 | 310.23 | NOTE | |||
r-devel-windows-ix86+x86_64 | 0.6.1 | 174.00 | 339.00 | 513.00 | OK | |
r-patched-linux-x86_64 | 0.6.1 | 68.17 | 169.43 | 237.60 | NOTE | |
r-patched-solaris-x86 | 0.6.1 | 384.60 | OK | |||
r-release-linux-x86_64 | 0.6.1 | 70.73 | 172.31 | 243.04 | NOTE | |
r-release-windows-ix86+x86_64 | 0.6.1 | 174.00 | 339.00 | 513.00 | OK | |
r-release-osx-x86_64 | 0.6.1 | WARN | ||||
r-oldrel-windows-ix86+x86_64 | 0.6.1 | 126.00 | 270.00 | 396.00 | OK | |
r-oldrel-osx-x86_64 | 0.6.1 | OK |
Version: 0.6.1
Check: whether package can be installed
Result: WARN
Found the following significant warnings:
ssl.cpp:110:7: warning: 'register' storage class specifier is deprecated and incompatible with C++17 [-Wdeprecated-register]
ssl.cpp:113:11: warning: 'register' storage class specifier is deprecated and incompatible with C++17 [-Wdeprecated-register]
ssl.cpp:139:7: warning: 'register' storage class specifier is deprecated and incompatible with C++17 [-Wdeprecated-register]
ssl.cpp:165:11: warning: 'register' storage class specifier is deprecated and incompatible with C++17 [-Wdeprecated-register]
ssl.cpp:169:8: warning: 'register' storage class specifier is deprecated and incompatible with C++17 [-Wdeprecated-register]
ssl.cpp:280:11: warning: 'register' storage class specifier is deprecated and incompatible with C++17 [-Wdeprecated-register]
ssl.cpp:284:8: warning: 'register' storage class specifier is deprecated and incompatible with C++17 [-Wdeprecated-register]
ssl.cpp:805:11: warning: 'register' storage class specifier is deprecated and incompatible with C++17 [-Wdeprecated-register]
ssl.cpp:809:8: warning: 'register' storage class specifier is deprecated and incompatible with C++17 [-Wdeprecated-register]
Flavors: r-devel-linux-x86_64-debian-clang, r-release-osx-x86_64
Version: 0.6.1
Check: compiled code
Result: NOTE
File ‘RSSL/libs/RSSL.so’:
Found no calls to: ‘R_registerRoutines’, ‘R_useDynamicSymbols’
It is good practice to register native routines and to disable symbol
search.
See ‘Writing portable packages’ in the ‘Writing R Extensions’ manual.
Flavors: r-devel-linux-x86_64-debian-clang, r-devel-linux-x86_64-debian-gcc, r-devel-linux-x86_64-fedora-clang, r-devel-linux-x86_64-fedora-gcc, r-patched-linux-x86_64, r-release-linux-x86_64
Version: 0.6.1
Check: installed package size
Result: NOTE
installed size is 5.3Mb
sub-directories of 1Mb or more:
libs 2.6Mb
Flavor: r-devel-linux-x86_64-fedora-gcc