CRAN Package Check Results for Package RSclient

Last updated on 2018-05-14 01:46:58 CEST.

Flavor Version Tinstall Tcheck Ttotal Status Flags
r-devel-linux-x86_64-debian-clang 0.7-3 2.69 15.32 18.01 NOTE
r-devel-linux-x86_64-debian-gcc 0.7-3 1.89 13.80 15.69 NOTE
r-devel-linux-x86_64-fedora-clang 0.7-3 24.16 NOTE
r-devel-linux-x86_64-fedora-gcc 0.7-3 22.66 NOTE
r-devel-windows-ix86+x86_64 0.7-3 30.00 46.00 76.00 OK
r-patched-linux-x86_64 0.7-3 2.82 16.26 19.08 NOTE
r-patched-solaris-x86 0.7-3 36.50 OK
r-release-linux-x86_64 0.7-3 2.78 16.20 18.98 NOTE
r-release-windows-ix86+x86_64 0.7-3 30.00 46.00 76.00 OK
r-release-osx-x86_64 0.7-3 OK
r-oldrel-windows-ix86+x86_64 0.7-3 18.00 43.00 61.00 OK
r-oldrel-osx-x86_64 0.7-3 ERROR

Additional issues

rchk

Check Details

Version: 0.7-3
Check: compiled code
Result: NOTE
    File ‘RSclient/libs/RSclient.so’:
     Found no calls to: ‘R_registerRoutines’, ‘R_useDynamicSymbols’
    
    It is good practice to register native routines and to disable symbol
    search.
    
    See ‘Writing portable packages’ in the ‘Writing R Extensions’ manual.
Flavors: r-devel-linux-x86_64-debian-clang, r-devel-linux-x86_64-debian-gcc, r-devel-linux-x86_64-fedora-clang, r-devel-linux-x86_64-fedora-gcc, r-patched-linux-x86_64, r-release-linux-x86_64

Version: 0.7-3
Check: whether package can be installed
Result: ERROR
    Installation failed.
Flavor: r-oldrel-osx-x86_64