Last updated on 2018-05-14 01:46:58 CEST.
Flavor | Version | Tinstall | Tcheck | Ttotal | Status | Flags |
---|---|---|---|---|---|---|
r-devel-linux-x86_64-debian-clang | 1.2-3 | 178.05 | 162.08 | 340.13 | OK | |
r-devel-linux-x86_64-debian-gcc | 1.2-3 | 151.41 | 136.95 | 288.36 | OK | |
r-devel-linux-x86_64-fedora-clang | 1.2-12 | 572.12 | NOTE | |||
r-devel-linux-x86_64-fedora-gcc | 1.2-12 | 431.61 | NOTE | |||
r-devel-windows-ix86+x86_64 | 1.2-3 | 458.00 | 303.00 | 761.00 | OK | |
r-patched-linux-x86_64 | 1.2-3 | 199.97 | 170.49 | 370.46 | OK | |
r-patched-solaris-x86 | 1.2-12 | 416.10 | OK | |||
r-release-linux-x86_64 | 1.2-3 | 200.65 | 169.91 | 370.56 | OK | |
r-release-windows-ix86+x86_64 | 1.2-3 | 458.00 | 303.00 | 761.00 | OK | |
r-release-osx-x86_64 | 1.2-3 | NOTE | ||||
r-oldrel-windows-ix86+x86_64 | 1.2-3 | 472.00 | 281.00 | 753.00 | OK | |
r-oldrel-osx-x86_64 | 1.2-3 | NOTE |
Version: 1.2-12
Check: installed package size
Result: NOTE
installed size is 14.4Mb
sub-directories of 1Mb or more:
libs 12.7Mb
Flavors: r-devel-linux-x86_64-fedora-clang, r-devel-linux-x86_64-fedora-gcc
Version: 1.2-3
Check: installed package size
Result: NOTE
installed size is 15.3Mb
sub-directories of 1Mb or more:
libs 13.6Mb
Flavors: r-release-osx-x86_64, r-oldrel-osx-x86_64