CRAN Package Check Results for Package Rblpapi

Last updated on 2018-05-14 01:46:55 CEST.

Flavor Version Tinstall Tcheck Ttotal Status Flags
r-devel-linux-x86_64-debian-clang 0.3.8 118.78 24.84 143.62 OK
r-devel-linux-x86_64-debian-gcc 0.3.8 98.61 22.28 120.89 OK
r-devel-linux-x86_64-fedora-clang 0.3.8 224.17 NOTE
r-devel-linux-x86_64-fedora-gcc 0.3.8 210.84 NOTE
r-devel-windows-ix86+x86_64 0.3.8 313.00 164.00 477.00 NOTE
r-patched-linux-x86_64 0.3.8 127.53 25.73 153.26 OK
r-release-linux-x86_64 0.3.8 124.87 25.71 150.58 OK
r-release-windows-ix86+x86_64 0.3.8 313.00 164.00 477.00 NOTE
r-release-osx-x86_64 0.3.8 NOTE
r-oldrel-windows-ix86+x86_64 0.3.8 357.00 134.00 491.00 NOTE
r-oldrel-osx-x86_64 0.3.8 NOTE

Check Details

Version: 0.3.8
Check: installed package size
Result: NOTE
     installed size is 15.0Mb
     sub-directories of 1Mb or more:
     blp 7.1Mb
     libs 7.0Mb
Flavors: r-devel-linux-x86_64-fedora-clang, r-devel-linux-x86_64-fedora-gcc, r-devel-windows-ix86+x86_64, r-release-windows-ix86+x86_64, r-release-osx-x86_64, r-oldrel-windows-ix86+x86_64, r-oldrel-osx-x86_64