Last updated on 2018-05-14 01:46:55 CEST.
Flavor | Version | Tinstall | Tcheck | Ttotal | Status | Flags |
---|---|---|---|---|---|---|
r-devel-linux-x86_64-debian-clang | 0.1.2 | 37.59 | 20.97 | 58.56 | OK | |
r-devel-linux-x86_64-debian-gcc | 0.1.2 | 29.26 | 18.57 | 47.83 | OK | |
r-devel-linux-x86_64-fedora-clang | 0.1.2 | 83.27 | OK | |||
r-devel-linux-x86_64-fedora-gcc | 0.1.2 | 69.98 | OK | |||
r-devel-windows-ix86+x86_64 | 0.1.2 | 97.00 | 74.00 | 171.00 | OK | |
r-patched-linux-x86_64 | 0.1.2 | 36.89 | 21.08 | 57.97 | OK | |
r-patched-solaris-x86 | 0.1.2 | 86.40 | OK | |||
r-release-linux-x86_64 | 0.1.2 | 37.91 | 21.08 | 58.99 | OK | |
r-release-windows-ix86+x86_64 | 0.1.2 | 97.00 | 74.00 | 171.00 | OK | |
r-release-osx-x86_64 | 0.1.2 | OK | ||||
r-oldrel-windows-ix86+x86_64 | 0.1.2 | 96.00 | 54.00 | 150.00 | OK | |
r-oldrel-osx-x86_64 | 0.1.2 | ERROR |
Version: 0.1.2
Check: whether package can be installed
Result: ERROR
Installation failed.
Flavor: r-oldrel-osx-x86_64