Last updated on 2018-05-14 01:46:55 CEST.
Flavor | Version | Tinstall | Tcheck | Ttotal | Status | Flags |
---|---|---|---|---|---|---|
r-devel-linux-x86_64-debian-clang | 4.4.0 | 31.15 | 57.16 | 88.31 | NOTE | |
r-devel-linux-x86_64-debian-gcc | 4.4.0 | 44.59 | 48.94 | 93.53 | NOTE | |
r-devel-linux-x86_64-fedora-clang | 4.4.0 | 128.33 | NOTE | |||
r-devel-linux-x86_64-fedora-gcc | 4.4.0 | 144.22 | NOTE | |||
r-devel-windows-ix86+x86_64 | 4.4.0 | 187.00 | 172.00 | 359.00 | NOTE | |
r-patched-linux-x86_64 | 4.4.0 | 57.91 | 67.53 | 125.44 | NOTE | |
r-patched-solaris-x86 | 4.4.0 | 136.80 | NOTE | |||
r-release-linux-x86_64 | 4.4.0 | 59.71 | 67.19 | 126.90 | NOTE | |
r-release-windows-ix86+x86_64 | 4.4.0 | 187.00 | 172.00 | 359.00 | NOTE | |
r-release-osx-x86_64 | 4.4.0 | NOTE | ||||
r-oldrel-windows-ix86+x86_64 | 4.4.0 | 264.00 | 120.00 | 384.00 | NOTE | |
r-oldrel-osx-x86_64 | 4.4.0 | NOTE |
Version: 4.4.0
Check: for GNU extensions in Makefiles
Result: NOTE
GNU make is a SystemRequirements.
Flavors: r-devel-linux-x86_64-debian-clang, r-devel-linux-x86_64-debian-gcc, r-devel-linux-x86_64-fedora-clang, r-devel-linux-x86_64-fedora-gcc, r-devel-windows-ix86+x86_64, r-patched-linux-x86_64, r-patched-solaris-x86, r-release-linux-x86_64, r-release-windows-ix86+x86_64, r-release-osx-x86_64, r-oldrel-windows-ix86+x86_64, r-oldrel-osx-x86_64
Version: 4.4.0
Check: installed package size
Result: NOTE
installed size is 5.6Mb
sub-directories of 1Mb or more:
include 1.9Mb
lib 3.3Mb
Flavors: r-devel-linux-x86_64-fedora-gcc, r-devel-windows-ix86+x86_64, r-release-windows-ix86+x86_64, r-oldrel-windows-ix86+x86_64