CRAN Package Check Results for Package Rdsm

Last updated on 2018-05-14 01:46:55 CEST.

Flavor Version Tinstall Tcheck Ttotal Status Flags
r-devel-linux-x86_64-debian-clang 2.1.1 1.84 23.59 25.43 NOTE
r-devel-linux-x86_64-debian-gcc 2.1.1 1.54 21.34 22.88 NOTE
r-devel-linux-x86_64-fedora-clang 2.1.1 33.99 NOTE
r-devel-linux-x86_64-fedora-gcc 2.1.1 32.33 NOTE
r-patched-linux-x86_64 2.1.1 1.76 24.51 26.27 NOTE
r-patched-solaris-x86 2.1.1 56.60 NOTE
r-release-linux-x86_64 2.1.1 1.33 24.52 25.85 NOTE
r-release-osx-x86_64 2.1.1 NOTE
r-oldrel-osx-x86_64 2.1.1 NOTE

Check Details

Version: 2.1.1
Check: dependencies in R code
Result: NOTE
    'library' or 'require' call to ‘synchronicity’ in package code.
     Please use :: or requireNamespace() instead.
     See section 'Suggested packages' in the 'Writing R Extensions' manual.
Flavors: r-devel-linux-x86_64-debian-clang, r-devel-linux-x86_64-debian-gcc, r-devel-linux-x86_64-fedora-clang, r-devel-linux-x86_64-fedora-gcc, r-patched-linux-x86_64, r-patched-solaris-x86, r-release-linux-x86_64, r-release-osx-x86_64, r-oldrel-osx-x86_64