CRAN Package Check Results for Package RelimpPCR

Last updated on 2018-05-14 01:46:56 CEST.

Flavor Version Tinstall Tcheck Ttotal Status Flags
r-devel-linux-x86_64-debian-clang 0.2.3 1.31 46.67 47.98 OK
r-devel-linux-x86_64-debian-gcc 0.2.3 1.06 41.21 42.27 OK
r-devel-linux-x86_64-fedora-clang 0.2.3 62.46 OK
r-devel-linux-x86_64-fedora-gcc 0.2.3 60.12 OK
r-devel-windows-ix86+x86_64 0.2.3 9.00 82.00 91.00 OK
r-patched-linux-x86_64 0.2.3 1.17 46.96 48.13 NOTE
r-patched-solaris-x86 0.2.3 93.00 OK
r-release-linux-x86_64 0.2.3 1.21 47.31 48.52 NOTE
r-release-windows-ix86+x86_64 0.2.3 9.00 82.00 91.00 OK
r-release-osx-x86_64 0.2.3 OK
r-oldrel-windows-ix86+x86_64 0.2.3 3.00 57.00 60.00 OK
r-oldrel-osx-x86_64 0.2.3 OK

Check Details

Version: 0.2.3
Check: DESCRIPTION meta-information
Result: NOTE
    Dependence on R version ‘3.3.2’ not with patchlevel 0
Flavors: r-patched-linux-x86_64, r-release-linux-x86_64