Last updated on 2018-05-14 01:46:57 CEST.
Flavor | Version | Tinstall | Tcheck | Ttotal | Status | Flags |
---|---|---|---|---|---|---|
r-devel-linux-x86_64-debian-clang | 0.6-7 | 5.70 | 1.96 | 7.66 | ERROR | |
r-devel-linux-x86_64-debian-gcc | 0.6-7 | 4.20 | 1.89 | 6.09 | ERROR | |
r-devel-linux-x86_64-fedora-clang | 0.6-7 | 39.01 | OK | |||
r-devel-linux-x86_64-fedora-gcc | 0.6-7 | 38.70 | OK | |||
r-devel-windows-ix86+x86_64 | 0.6-7 | 59.00 | 49.00 | 108.00 | OK | |
r-patched-linux-x86_64 | 0.6-7 | 6.19 | 26.05 | 32.24 | OK | |
r-patched-solaris-x86 | 0.6-7 | 54.40 | OK | |||
r-release-linux-x86_64 | 0.6-7 | 5.63 | 27.00 | 32.63 | OK | |
r-release-windows-ix86+x86_64 | 0.6-7 | 59.00 | 49.00 | 108.00 | OK | |
r-release-osx-x86_64 | 0.6-7 | ERROR | ||||
r-oldrel-windows-ix86+x86_64 | 0.6-7 | 42.00 | 53.00 | 95.00 | OK | |
r-oldrel-osx-x86_64 | 0.6-7 | ERROR |
Version: 0.6-7
Check: whether package can be installed
Result: ERROR
Installation failed.
Flavors: r-devel-linux-x86_64-debian-clang, r-devel-linux-x86_64-debian-gcc, r-release-osx-x86_64, r-oldrel-osx-x86_64