Last updated on 2018-05-14 01:46:57 CEST.
Flavor | Version | Tinstall | Tcheck | Ttotal | Status | Flags |
---|---|---|---|---|---|---|
r-devel-linux-x86_64-debian-clang | 0.5.5 | 41.58 | 26.99 | 68.57 | OK | |
r-devel-linux-x86_64-debian-gcc | 0.5.5 | 40.68 | 24.88 | 65.56 | OK | |
r-devel-linux-x86_64-fedora-clang | 0.5.5 | 103.51 | NOTE | |||
r-devel-linux-x86_64-fedora-gcc | 0.5.5 | 96.39 | NOTE | |||
r-devel-windows-ix86+x86_64 | 0.5.5 | 84.00 | 85.00 | 169.00 | OK | |
r-patched-linux-x86_64 | 0.5.5 | 45.58 | 29.25 | 74.83 | OK | |
r-patched-solaris-x86 | 0.5.5 | 105.00 | OK | |||
r-release-linux-x86_64 | 0.5.5 | 46.65 | 29.16 | 75.81 | OK | |
r-release-windows-ix86+x86_64 | 0.5.5 | 84.00 | 85.00 | 169.00 | OK | |
r-release-osx-x86_64 | 0.5.5 | NOTE | ||||
r-oldrel-windows-ix86+x86_64 | 0.5.5 | 93.00 | 66.00 | 159.00 | OK | |
r-oldrel-osx-x86_64 | 0.5.5 | NOTE |
Version: 0.5.5
Check: installed package size
Result: NOTE
installed size is 21.1Mb
sub-directories of 1Mb or more:
libs 20.8Mb
Flavors: r-devel-linux-x86_64-fedora-clang, r-devel-linux-x86_64-fedora-gcc, r-release-osx-x86_64, r-oldrel-osx-x86_64