Last updated on 2018-05-14 01:46:58 CEST.
Flavor | Version | Tinstall | Tcheck | Ttotal | Status | Flags |
---|---|---|---|---|---|---|
r-devel-linux-x86_64-debian-clang | 0.0-3 | 17.45 | 20.93 | 38.38 | NOTE | |
r-devel-linux-x86_64-debian-gcc | 0.0-3 | 13.38 | 18.50 | 31.88 | NOTE | |
r-devel-linux-x86_64-fedora-clang | 0.0-3 | 51.88 | NOTE | |||
r-devel-linux-x86_64-fedora-gcc | 0.0-3 | 46.61 | NOTE | |||
r-devel-windows-ix86+x86_64 | 0.0-3 | 55.00 | 68.00 | 123.00 | NOTE | |
r-patched-linux-x86_64 | 0.0-3 | 15.27 | 21.06 | 36.33 | NOTE | |
r-patched-solaris-x86 | 0.0-3 | 71.70 | NOTE | |||
r-release-linux-x86_64 | 0.0-3 | 16.90 | 21.56 | 38.46 | NOTE | |
r-release-windows-ix86+x86_64 | 0.0-3 | 55.00 | 68.00 | 123.00 | NOTE | |
r-release-osx-x86_64 | 0.0-3 | NOTE | ||||
r-oldrel-windows-ix86+x86_64 | 0.0-3 | 54.00 | 49.00 | 103.00 | NOTE | |
r-oldrel-osx-x86_64 | 0.0-3 | ERROR |
Version: 0.0-3
Check: for GNU extensions in Makefiles
Result: NOTE
GNU make is a SystemRequirements.
Flavors: r-devel-linux-x86_64-debian-clang, r-devel-linux-x86_64-debian-gcc, r-devel-linux-x86_64-fedora-clang, r-devel-linux-x86_64-fedora-gcc, r-devel-windows-ix86+x86_64, r-patched-linux-x86_64, r-patched-solaris-x86, r-release-linux-x86_64, r-release-windows-ix86+x86_64, r-release-osx-x86_64, r-oldrel-windows-ix86+x86_64
Version: 0.0-3
Check: compiled code
Result: NOTE
File ‘Ruchardet/libs/Ruchardet.so’:
Found no calls to: ‘R_registerRoutines’, ‘R_useDynamicSymbols’
It is good practice to register native routines and to disable symbol
search.
See ‘Writing portable packages’ in the ‘Writing R Extensions’ manual.
Flavors: r-devel-linux-x86_64-debian-clang, r-devel-linux-x86_64-debian-gcc, r-devel-linux-x86_64-fedora-clang, r-devel-linux-x86_64-fedora-gcc, r-patched-linux-x86_64, r-release-linux-x86_64
Version: 0.0-3
Check: whether package can be installed
Result: ERROR
Installation failed.
Flavor: r-oldrel-osx-x86_64