Last updated on 2018-05-14 01:47:02 CEST.
Flavor | Version | Tinstall | Tcheck | Ttotal | Status | Flags |
---|---|---|---|---|---|---|
r-devel-linux-x86_64-debian-clang | 1.2 | 2.65 | 82.88 | 85.53 | OK | |
r-devel-linux-x86_64-debian-gcc | 1.2 | 2.53 | 69.53 | 72.06 | OK | |
r-devel-linux-x86_64-fedora-clang | 1.2 | 115.61 | NOTE | |||
r-devel-linux-x86_64-fedora-gcc | 1.2 | 103.23 | NOTE | |||
r-devel-windows-ix86+x86_64 | 1.2 | 6.00 | 131.00 | 137.00 | OK | |
r-patched-linux-x86_64 | 1.2 | 3.16 | 81.77 | 84.93 | OK | |
r-patched-solaris-x86 | 1.2 | 161.20 | NOTE | |||
r-release-linux-x86_64 | 1.2 | 2.51 | 79.23 | 81.74 | OK | |
r-release-windows-ix86+x86_64 | 1.2 | 6.00 | 131.00 | 137.00 | OK | |
r-release-osx-x86_64 | 1.2 | NOTE | ||||
r-oldrel-windows-ix86+x86_64 | 1.2 | 8.00 | 94.00 | 102.00 | OK | |
r-oldrel-osx-x86_64 | 1.2 | NOTE |
Version: 1.2
Check: dependencies in R code
Result: NOTE
Namespace in Imports field not imported from: ‘gbm’
All declared Imports should be used.
Flavors: r-devel-linux-x86_64-fedora-clang, r-devel-linux-x86_64-fedora-gcc, r-patched-solaris-x86, r-release-osx-x86_64, r-oldrel-osx-x86_64
Version: 1.2
Check: installed package size
Result: NOTE
installed size is 5.3Mb
sub-directories of 1Mb or more:
data 1.5Mb
vignette_data 2.1Mb
Flavor: r-patched-solaris-x86