Last updated on 2018-05-14 01:47:02 CEST.
Flavor | Version | Tinstall | Tcheck | Ttotal | Status | Flags |
---|---|---|---|---|---|---|
r-devel-linux-x86_64-debian-clang | 2.1.3 | 1.98 | 101.51 | 103.49 | OK | |
r-devel-linux-x86_64-debian-gcc | 2.1.3 | 1.80 | 82.85 | 84.65 | OK | |
r-devel-linux-x86_64-fedora-clang | 2.1.3 | 137.61 | NOTE | |||
r-devel-linux-x86_64-fedora-gcc | 2.1.3 | 133.68 | NOTE | |||
r-devel-windows-ix86+x86_64 | 2.1.3 | 9.00 | 176.00 | 185.00 | OK | |
r-patched-linux-x86_64 | 2.1.3 | 2.53 | 118.88 | 121.41 | OK | |
r-patched-solaris-x86 | 2.1.3 | 177.90 | NOTE | |||
r-release-linux-x86_64 | 2.1.3 | 1.52 | 110.58 | 112.10 | OK | |
r-release-windows-ix86+x86_64 | 2.1.3 | 9.00 | 176.00 | 185.00 | OK | |
r-release-osx-x86_64 | 2.1.3 | NOTE | ||||
r-oldrel-windows-ix86+x86_64 | 2.1.3 | 6.00 | 137.00 | 143.00 | OK | |
r-oldrel-osx-x86_64 | 2.1.3 | NOTE |
Version: 2.1.3
Check: dependencies in R code
Result: NOTE
Namespaces in Imports field not imported from:
‘dplyr’ ‘ggplot2’ ‘viridis’
All declared Imports should be used.
Flavors: r-devel-linux-x86_64-fedora-clang, r-devel-linux-x86_64-fedora-gcc, r-patched-solaris-x86, r-release-osx-x86_64, r-oldrel-osx-x86_64