CRAN Package Check Results for Package SWMPrExtension

Last updated on 2018-05-14 01:47:05 CEST.

Flavor Version Tinstall Tcheck Ttotal Status Flags
r-devel-linux-x86_64-debian-clang 0.3.14 15.55 126.19 141.74 OK
r-devel-linux-x86_64-debian-gcc 0.3.14 15.50 113.47 128.97 OK
r-devel-linux-x86_64-fedora-clang 0.3.14 114.10 NOTE
r-devel-linux-x86_64-fedora-gcc 0.3.14 188.26 NOTE
r-devel-windows-ix86+x86_64 0.3.12 52.00 254.00 306.00 OK
r-patched-linux-x86_64 0.3.12 15.44 125.96 141.40 OK
r-patched-solaris-x86 0.3.14 257.60 NOTE
r-release-linux-x86_64 0.3.12 14.02 126.53 140.55 OK
r-release-windows-ix86+x86_64 0.3.12 52.00 254.00 306.00 OK
r-release-osx-x86_64 0.3.14 NOTE
r-oldrel-windows-ix86+x86_64 0.3.12 31.00 184.00 215.00 OK
r-oldrel-osx-x86_64 0.3.12 NOTE

Check Details

Version: 0.3.14
Check: dependencies in R code
Result: NOTE
    Namespace in Imports field not imported from: ‘rgeos’
     All declared Imports should be used.
Flavors: r-devel-linux-x86_64-fedora-clang, r-devel-linux-x86_64-fedora-gcc, r-patched-solaris-x86, r-release-osx-x86_64

Version: 0.3.12
Check: dependencies in R code
Result: NOTE
    Namespaces in Imports field not imported from:
     ‘rgeos’ ‘stringr’
     All declared Imports should be used.
Flavor: r-oldrel-osx-x86_64