CRAN Package Check Results for Package SanFranBeachWater

Last updated on 2018-05-14 01:47:01 CEST.

Flavor Version Tinstall Tcheck Ttotal Status Flags
r-devel-linux-x86_64-debian-clang 0.1.0 2.68 33.10 35.78 OK
r-devel-linux-x86_64-debian-gcc 0.1.0 2.16 29.12 31.28 OK
r-devel-linux-x86_64-fedora-clang 0.1.0 48.18 NOTE
r-devel-linux-x86_64-fedora-gcc 0.1.0 45.88 NOTE
r-devel-windows-ix86+x86_64 0.1.0 10.00 76.00 86.00 OK
r-patched-linux-x86_64 0.1.0 1.71 32.07 33.78 OK
r-patched-solaris-x86 0.1.0 69.90 NOTE
r-release-linux-x86_64 0.1.0 2.70 32.02 34.72 OK
r-release-windows-ix86+x86_64 0.1.0 10.00 76.00 86.00 OK
r-release-osx-x86_64 0.1.0 NOTE
r-oldrel-windows-ix86+x86_64 0.1.0 9.00 45.00 54.00 OK
r-oldrel-osx-x86_64 0.1.0 NOTE

Check Details

Version: 0.1.0
Check: dependencies in R code
Result: NOTE
    Namespace in Imports field not imported from: ‘tibble’
     All declared Imports should be used.
Flavors: r-devel-linux-x86_64-fedora-clang, r-devel-linux-x86_64-fedora-gcc, r-patched-solaris-x86, r-release-osx-x86_64, r-oldrel-osx-x86_64