Last updated on 2018-05-14 01:47:02 CEST.
Flavor | Version | Tinstall | Tcheck | Ttotal | Status | Flags |
---|---|---|---|---|---|---|
r-devel-linux-x86_64-debian-clang | 2.3.1 | 56.51 | 374.38 | 430.89 | NOTE | |
r-devel-linux-x86_64-debian-gcc | 2.3.1 | 50.10 | 329.35 | 379.45 | NOTE | |
r-devel-linux-x86_64-fedora-clang | 2.3.1 | 555.81 | NOTE | |||
r-devel-linux-x86_64-fedora-gcc | 2.3.1 | 543.22 | NOTE | |||
r-devel-windows-ix86+x86_64 | 2.3.1 | 169.00 | 878.00 | 1047.00 | NOTE | |
r-patched-linux-x86_64 | 2.3.1 | 56.40 | 360.95 | 417.35 | NOTE | |
r-patched-solaris-x86 | 2.3.1 | 819.80 | NOTE | |||
r-release-linux-x86_64 | 2.3.1 | 55.31 | 368.38 | 423.69 | NOTE | |
r-release-windows-ix86+x86_64 | 2.3.1 | 169.00 | 878.00 | 1047.00 | NOTE | |
r-release-osx-x86_64 | 2.3.1 | NOTE | ||||
r-oldrel-windows-ix86+x86_64 | 2.3.1 | 103.00 | 581.00 | 684.00 | NOTE | |
r-oldrel-osx-x86_64 | 2.3.0 | NOTE |
Version: 2.3.1
Check: package dependencies
Result: NOTE
Package suggested but not available for checking: ‘loomR’
Flavors: r-devel-linux-x86_64-debian-clang, r-devel-linux-x86_64-debian-gcc, r-devel-linux-x86_64-fedora-clang, r-devel-linux-x86_64-fedora-gcc, r-devel-windows-ix86+x86_64, r-patched-linux-x86_64, r-patched-solaris-x86, r-release-linux-x86_64, r-release-windows-ix86+x86_64, r-oldrel-windows-ix86+x86_64
Version: 2.3.1
Check: installed package size
Result: NOTE
installed size is 6.8Mb
sub-directories of 1Mb or more:
libs 5.3Mb
Flavors: r-devel-linux-x86_64-fedora-clang, r-devel-linux-x86_64-fedora-gcc, r-release-osx-x86_64
Version: 2.3.1
Check: package dependencies
Result: NOTE
Packages suggested but not available for checking:
‘loomR’ ‘SingleCellExperiment’ ‘MAST’
Flavor: r-release-osx-x86_64
Version: 2.3.0
Check: package dependencies
Result: NOTE
Package suggested but not available for checking: ‘MAST’
Flavor: r-oldrel-osx-x86_64
Version: 2.3.0
Check: installed package size
Result: NOTE
installed size is 6.2Mb
sub-directories of 1Mb or more:
libs 5.2Mb
Flavor: r-oldrel-osx-x86_64