Last updated on 2018-05-14 01:47:02 CEST.
Flavor | Version | Tinstall | Tcheck | Ttotal | Status | Flags |
---|---|---|---|---|---|---|
r-devel-linux-x86_64-debian-clang | 0.2.1 | 24.22 | 315.37 | 339.59 | OK | |
r-devel-linux-x86_64-debian-gcc | 0.2.1 | 20.23 | 257.65 | 277.88 | OK | |
r-devel-linux-x86_64-fedora-clang | 0.2.1 | 440.89 | OK | |||
r-devel-linux-x86_64-fedora-gcc | 0.2.1 | 409.73 | OK | |||
r-devel-windows-ix86+x86_64 | 0.2.1 | 35.00 | 422.00 | 457.00 | OK | |
r-patched-linux-x86_64 | 0.2.1 | 19.82 | 327.14 | 346.96 | NOTE | |
r-patched-solaris-x86 | 0.2.1 | 575.10 | OK | |||
r-release-linux-x86_64 | 0.2.1 | 21.79 | 339.01 | 360.80 | NOTE | |
r-release-windows-ix86+x86_64 | 0.2.1 | 35.00 | 422.00 | 457.00 | OK | |
r-release-osx-x86_64 | 0.2.1 | OK | ||||
r-oldrel-windows-ix86+x86_64 | 0.2.1 | 15.00 | 341.00 | 356.00 | OK | |
r-oldrel-osx-x86_64 | 0.2.1 | OK |
Version: 0.2.1
Check: DESCRIPTION meta-information
Result: NOTE
Dependence on R version ‘3.3.1’ not with patchlevel 0
Flavors: r-patched-linux-x86_64, r-release-linux-x86_64