CRAN Package Check Results for Package SnowballC

Last updated on 2018-05-14 01:47:03 CEST.

Flavor Version Tinstall Tcheck Ttotal Status Flags
r-devel-linux-x86_64-debian-clang 0.5.1 7.32 17.24 24.56 NOTE
r-devel-linux-x86_64-debian-gcc 0.5.1 4.49 15.62 20.11 NOTE
r-devel-linux-x86_64-fedora-clang 0.5.1 31.01 NOTE
r-devel-linux-x86_64-fedora-gcc 0.5.1 28.22 NOTE
r-devel-windows-ix86+x86_64 0.5.1 37.00 38.00 75.00 OK
r-patched-linux-x86_64 0.5.1 5.59 18.23 23.82 NOTE
r-patched-solaris-x86 0.5.1 51.30 OK
r-release-linux-x86_64 0.5.1 5.22 18.26 23.48 NOTE
r-release-windows-ix86+x86_64 0.5.1 37.00 38.00 75.00 OK
r-release-osx-x86_64 0.5.1 OK
r-oldrel-windows-ix86+x86_64 0.5.1 28.00 33.00 61.00 OK
r-oldrel-osx-x86_64 0.5.1 OK

Check Details

Version: 0.5.1
Check: compiled code
Result: NOTE
    File ‘SnowballC/libs/SnowballC.so’:
     Found no calls to: ‘R_registerRoutines’, ‘R_useDynamicSymbols’
    
    It is good practice to register native routines and to disable symbol
    search.
    
    See ‘Writing portable packages’ in the ‘Writing R Extensions’ manual.
Flavors: r-devel-linux-x86_64-debian-clang, r-devel-linux-x86_64-debian-gcc, r-devel-linux-x86_64-fedora-clang, r-devel-linux-x86_64-fedora-gcc, r-patched-linux-x86_64, r-release-linux-x86_64