CRAN Package Check Results for Package SpaCCr

Last updated on 2018-05-14 01:47:03 CEST.

Flavor Version Tinstall Tcheck Ttotal Status Flags
r-devel-linux-x86_64-debian-clang 0.1.0 22.37 51.18 73.55 NOTE
r-devel-linux-x86_64-debian-gcc 0.1.0 19.93 44.25 64.18 NOTE
r-devel-linux-x86_64-fedora-clang 0.1.0 102.93 NOTE
r-devel-linux-x86_64-fedora-gcc 0.1.0 100.28 NOTE
r-devel-windows-ix86+x86_64 0.1.0 71.00 151.00 222.00 OK
r-patched-linux-x86_64 0.1.0 24.83 53.33 78.16 NOTE
r-patched-solaris-x86 0.1.0 122.10 OK
r-release-linux-x86_64 0.1.0 25.36 52.85 78.21 NOTE
r-release-windows-ix86+x86_64 0.1.0 71.00 151.00 222.00 OK
r-release-osx-x86_64 0.1.0 OK
r-oldrel-windows-ix86+x86_64 0.1.0 54.00 102.00 156.00 OK
r-oldrel-osx-x86_64 0.1.0 OK

Check Details

Version: 0.1.0
Check: compiled code
Result: NOTE
    File ‘SpaCCr/libs/SpaCCr.so’:
     Found no calls to: ‘R_registerRoutines’, ‘R_useDynamicSymbols’
    
    It is good practice to register native routines and to disable symbol
    search.
    
    See ‘Writing portable packages’ in the ‘Writing R Extensions’ manual.
Flavors: r-devel-linux-x86_64-debian-clang, r-devel-linux-x86_64-debian-gcc, r-devel-linux-x86_64-fedora-clang, r-devel-linux-x86_64-fedora-gcc, r-patched-linux-x86_64, r-release-linux-x86_64