Last updated on 2018-05-14 01:47:03 CEST.
Flavor | Version | Tinstall | Tcheck | Ttotal | Status | Flags |
---|---|---|---|---|---|---|
r-devel-linux-x86_64-debian-clang | 0.1.1 | 41.12 | 224.48 | 265.60 | OK | |
r-devel-linux-x86_64-debian-gcc | 0.1.1 | 33.62 | 187.17 | 220.79 | OK | |
r-devel-linux-x86_64-fedora-clang | 0.1.1 | 355.97 | NOTE | |||
r-devel-linux-x86_64-fedora-gcc | 0.1.1 | 341.66 | NOTE | |||
r-devel-windows-ix86+x86_64 | 0.1.1 | 110.00 | 504.00 | 614.00 | OK | |
r-patched-linux-x86_64 | 0.1.1 | 36.23 | 221.67 | 257.90 | OK | |
r-patched-solaris-x86 | 0.1.1 | 431.90 | NOTE | |||
r-release-linux-x86_64 | 0.1.1 | 38.24 | 233.52 | 271.76 | OK | |
r-release-windows-ix86+x86_64 | 0.1.1 | 110.00 | 504.00 | 614.00 | OK | |
r-release-osx-x86_64 | 0.1.1 | NOTE | ||||
r-oldrel-windows-ix86+x86_64 | 0.1.1 | 72.00 | 353.00 | 425.00 | OK | |
r-oldrel-osx-x86_64 | 0.1.1 | NOTE |
Version: 0.1.1
Check: dependencies in R code
Result: NOTE
Namespaces in Imports field not imported from:
‘fastdigest’ ‘httr’
All declared Imports should be used.
Flavors: r-devel-linux-x86_64-fedora-clang, r-devel-linux-x86_64-fedora-gcc, r-patched-solaris-x86, r-release-osx-x86_64, r-oldrel-osx-x86_64