CRAN Package Check Results for Package SpatialBall

Last updated on 2018-05-14 01:47:04 CEST.

Flavor Version Tinstall Tcheck Ttotal Status Flags
r-devel-linux-x86_64-debian-clang 0.1.0 8.72 59.49 68.21 OK
r-devel-linux-x86_64-debian-gcc 0.1.0 8.84 51.95 60.79 OK
r-devel-linux-x86_64-fedora-clang 0.1.0 95.06 NOTE
r-devel-linux-x86_64-fedora-gcc 0.1.0 94.79 NOTE
r-devel-windows-ix86+x86_64 0.1.0 26.00 105.00 131.00 OK
r-patched-linux-x86_64 0.1.0 10.02 60.81 70.83 OK
r-patched-solaris-x86 0.1.0 149.60 NOTE
r-release-linux-x86_64 0.1.0 9.04 62.55 71.59 OK
r-release-windows-ix86+x86_64 0.1.0 26.00 105.00 131.00 OK
r-release-osx-x86_64 0.1.0 NOTE
r-oldrel-windows-ix86+x86_64 0.1.0 23.00 85.00 108.00 OK
r-oldrel-osx-x86_64 0.1.0 NOTE

Check Details

Version: 0.1.0
Check: dependencies in R code
Result: NOTE
    Namespace in Imports field not imported from: ‘lubridate’
     All declared Imports should be used.
Flavors: r-devel-linux-x86_64-fedora-clang, r-devel-linux-x86_64-fedora-gcc, r-patched-solaris-x86, r-release-osx-x86_64, r-oldrel-osx-x86_64