Last updated on 2018-05-14 01:47:05 CEST.
Flavor | Version | Tinstall | Tcheck | Ttotal | Status | Flags |
---|---|---|---|---|---|---|
r-devel-linux-x86_64-debian-clang | 1.0.0 | 36.79 | 21.73 | 58.52 | OK | |
r-devel-linux-x86_64-debian-gcc | 1.0.0 | 31.74 | 19.56 | 51.30 | OK | |
r-devel-linux-x86_64-fedora-clang | 1.0.0 | 80.27 | NOTE | |||
r-devel-linux-x86_64-fedora-gcc | 1.0.0 | 78.23 | NOTE | |||
r-devel-windows-ix86+x86_64 | 1.0.0 | 64.00 | 65.00 | 129.00 | OK | |
r-patched-linux-x86_64 | 1.0.0 | 38.37 | 22.49 | 60.86 | OK | |
r-patched-solaris-x86 | 1.0.0 | 85.30 | OK | |||
r-release-linux-x86_64 | 1.0.0 | 35.48 | 22.45 | 57.93 | OK | |
r-release-windows-ix86+x86_64 | 1.0.0 | 64.00 | 65.00 | 129.00 | OK | |
r-release-osx-x86_64 | 1.0.0 | NOTE | ||||
r-oldrel-windows-ix86+x86_64 | 1.0.0 | 70.00 | 50.00 | 120.00 | OK | |
r-oldrel-osx-x86_64 | 1.0.0 | NOTE |
Version: 1.0.0
Check: installed package size
Result: NOTE
installed size is 12.2Mb
sub-directories of 1Mb or more:
libs 12.1Mb
Flavors: r-devel-linux-x86_64-fedora-clang, r-devel-linux-x86_64-fedora-gcc, r-release-osx-x86_64, r-oldrel-osx-x86_64