CRAN Package Check Results for Package SurvLong

Last updated on 2018-05-14 01:47:05 CEST.

Flavor Version Tinstall Tcheck Ttotal Status Flags
r-devel-linux-x86_64-debian-clang 1.0 1.17 30.22 31.39 NOTE
r-devel-linux-x86_64-debian-gcc 1.0 1.24 24.15 25.39 NOTE
r-devel-linux-x86_64-fedora-clang 1.0 40.40 NOTE
r-devel-linux-x86_64-fedora-gcc 1.0 39.02 NOTE
r-devel-windows-ix86+x86_64 1.0 4.00 40.00 44.00 NOTE
r-patched-linux-x86_64 1.0 1.51 30.42 31.93 NOTE
r-patched-solaris-x86 1.0 59.00 NOTE
r-release-linux-x86_64 1.0 1.13 30.01 31.14 NOTE
r-release-windows-ix86+x86_64 1.0 4.00 40.00 44.00 NOTE
r-release-osx-x86_64 1.0 NOTE
r-oldrel-windows-ix86+x86_64 1.0 2.00 37.00 39.00 NOTE
r-oldrel-osx-x86_64 1.0 NOTE

Check Details

Version: 1.0
Check: R code for possible problems
Result: NOTE
    betaEst: no visible global function definition for ‘is’
    fullKernel: no visible global function definition for ‘is’
    halfKernel: no visible global function definition for ‘is’
    kernelAuto: no visible global function definition for ‘quantile’
    kernelAuto: no visible global function definition for ‘lm’
    kernelAuto: no visible global function definition for ‘pnorm’
    kernelFixed: no visible global function definition for ‘pnorm’
    lastValue: no visible global function definition for ‘pnorm’
    nearValue: no visible global function definition for ‘pnorm’
    Undefined global functions or variables:
     is lm pnorm quantile
    Consider adding
     importFrom("methods", "is")
     importFrom("stats", "lm", "pnorm", "quantile")
    to your NAMESPACE file (and ensure that your DESCRIPTION Imports field
    contains 'methods').
Flavors: r-devel-linux-x86_64-debian-clang, r-devel-linux-x86_64-debian-gcc, r-devel-linux-x86_64-fedora-clang, r-devel-linux-x86_64-fedora-gcc, r-devel-windows-ix86+x86_64, r-patched-linux-x86_64, r-patched-solaris-x86, r-release-linux-x86_64, r-release-windows-ix86+x86_64, r-release-osx-x86_64, r-oldrel-windows-ix86+x86_64, r-oldrel-osx-x86_64