Last updated on 2018-05-14 01:47:06 CEST.
Flavor | Version | Tinstall | Tcheck | Ttotal | Status | Flags |
---|---|---|---|---|---|---|
r-devel-linux-x86_64-debian-clang | 0.9.8.3 | 1.79 | 21.24 | 23.03 | NOTE | |
r-devel-linux-x86_64-debian-gcc | 0.9.8.3 | 1.73 | 18.73 | 20.46 | NOTE | |
r-devel-linux-x86_64-fedora-clang | 0.9.8.3 | 31.28 | NOTE | |||
r-devel-linux-x86_64-fedora-gcc | 0.9.8.3 | 29.56 | NOTE | |||
r-devel-windows-ix86+x86_64 | 0.9.8.3 | 5.00 | 31.00 | 36.00 | NOTE | |
r-patched-linux-x86_64 | 0.9.8.3 | 2.00 | 22.70 | 24.70 | NOTE | |
r-patched-solaris-x86 | 0.9.8.3 | 45.90 | NOTE | |||
r-release-linux-x86_64 | 0.9.8.3 | 2.38 | 22.46 | 24.84 | NOTE | |
r-release-windows-ix86+x86_64 | 0.9.8.3 | 5.00 | 31.00 | 36.00 | NOTE | |
r-release-osx-x86_64 | 0.9.8.3 | NOTE | ||||
r-oldrel-windows-ix86+x86_64 | 0.9.8.3 | 3.00 | 35.00 | 38.00 | NOTE | |
r-oldrel-osx-x86_64 | 0.9.8.3 | NOTE |
Version: 0.9.8.3
Check: R code for possible problems
Result: NOTE
.dea_create_model: no visible global function definition for
‘getSrcFilename’
.wMean: no visible global function definition for ‘weighted.mean’
Undefined global functions or variables:
getSrcFilename weighted.mean
Consider adding
importFrom("stats", "weighted.mean")
importFrom("utils", "getSrcFilename")
to your NAMESPACE file.
Flavors: r-devel-linux-x86_64-debian-clang, r-devel-linux-x86_64-debian-gcc, r-devel-linux-x86_64-fedora-clang, r-devel-linux-x86_64-fedora-gcc, r-devel-windows-ix86+x86_64, r-patched-linux-x86_64, r-patched-solaris-x86, r-release-linux-x86_64, r-release-windows-ix86+x86_64, r-release-osx-x86_64, r-oldrel-windows-ix86+x86_64, r-oldrel-osx-x86_64